{"id":714,"date":"2016-10-31T20:17:57","date_gmt":"2016-10-31T20:17:57","guid":{"rendered":"https:\/\/sitesize.net\/aprendizajeautonomo\/?page_id=714"},"modified":"2016-10-31T21:21:22","modified_gmt":"2016-10-31T21:21:22","slug":"volver-al-lugar-expropiado","status":"publish","type":"page","link":"https:\/\/sitesize.net\/aprendizajeautonomo\/arrelats\/encuentro-de-primavera\/volver-al-lugar-expropiado\/","title":{"rendered":"Volver al lugar expropiado"},"content":{"rendered":"<figure id=\"attachment_718\" aria-describedby=\"caption-attachment-718\" style=\"width: 800px\" class=\"wp-caption alignnone\"><a href=\"https:\/\/sitesize.net\/aprendizajeautonomo\/wp-content\/uploads\/sites\/7\/2016\/10\/Arrelats-12.jpg\"><img loading=\"lazy\" decoding=\"async\" class=\"size-full wp-image-718\" src=\"https:\/\/sitesize.net\/aprendizajeautonomo\/wp-content\/uploads\/sites\/7\/2016\/10\/Arrelats-12.jpg\" alt=\"Actividad p\u00fablica de la exposici\u00f3n sobre el Jard\u00ed de l'Amistat en la Biblioteca de Ponent en Sabadell\" width=\"800\" height=\"512\" srcset=\"https:\/\/sitesize.net\/aprendizajeautonomo\/wp-content\/uploads\/sites\/7\/2016\/10\/Arrelats-12.jpg 800w, https:\/\/sitesize.net\/aprendizajeautonomo\/wp-content\/uploads\/sites\/7\/2016\/10\/Arrelats-12-300x192.jpg 300w, https:\/\/sitesize.net\/aprendizajeautonomo\/wp-content\/uploads\/sites\/7\/2016\/10\/Arrelats-12-768x492.jpg 768w\" sizes=\"auto, (max-width: 800px) 100vw, 800px\" \/><\/a><figcaption id=\"caption-attachment-718\" class=\"wp-caption-text\">Actividad p\u00fablica de la exposici\u00f3n sobre el Jard\u00ed de l&#8217;Amistat en la Biblioteca de Ponent en Sabadell<\/figcaption><\/figure>\n<p><strong>Exposici\u00f3n y encuentros en la Biblioteca de Ponent. Presentaci\u00f3n p\u00fablica<\/strong>.(Junio 2013)<\/p>\n<p>Dos equipamientos p\u00fablicos se han construido en los espacios adyacentes al Jard\u00ed de l&#8217;Amistat. Una escuela y guarder\u00eda y una biblioteca. La Escola Andreu Castells, es un centro de ense\u00f1anza primaria que lleva el nombre del importante historiador local al que debemos el rescate de la memoria obrera y alternativa de la ciudad de Sabadell. Con su esencial obra \u201cInforme de l&#8217;oposici\u00f3\u201d un relato de las luchas por el poder en la ciudad desde las opciones progresistas y transformadoras, sus logros y los momentos de represi\u00f3n desde el siglo XVIII a la d\u00e9cada de 1970. Tambi\u00e9n es autor de la compilaci\u00f3n de todas las manifestaciones art\u00edsticas relevantes en la ciudad a lo largo de la historia, en su monumental obra \u201cL&#8217;Art Sabadelllenc\u201d y promotor e impulsor tambi\u00e9n del Museo de Arte y el Archivo Municipal de la ciudad, del que fue su director, entre otras iniciativas culturales. Andreu Castells conoc\u00eda bien a Llum de la Selva y registro varias entrevistas con \u00e9l, cuyo contenido est\u00e1 e sus libros y su transcripci\u00f3n en el Archivo municipal.<br \/>\nEl otro equipamiento importante es la Biblioteca de Ponent. Biblioteca municipal que da servicio a los distritos a poniente de la ciudad. Es un equipamiento moderno, din\u00e1mico y un espacio de recogimiento, estudio y activaci\u00f3n cultural de referencia en el barrio y la ciudad. Forma parte de un complejo en el que alrededor de la plaza Ovidi Montllor, coinciden adem\u00e1s de la biblioteca, un centro de d\u00eda para personas mayores, viviendas tuteladas y viviendas sociales. El hecho de concentrarse alrededor del Jard\u00ed de l&#8217;Amistat centros p\u00fablicos de educaci\u00f3n y conocimiento adem\u00e1s de acompa\u00f1amiento de ni\u00f1os y ancianos no deja de sorprendernos.<\/p>\n<p>La Biblioteca de Ponent, su direcci\u00f3n y equipo, no ha dejado de apoyar el proyecto de recuperaci\u00f3n del espacio y de su significado para la ciudad. En la primavera de 2013, nos permiti\u00f3 presentar una exposici\u00f3n sobre el proyecto con un conjunto de actividades asociadas, en el mismo espacio de la Biblioteca. Consist\u00eda en una recopilaci\u00f3n de documentos sobre la memoria del lugar y de las acciones llevadas a cabo. Alrededor de la exposici\u00f3n se gener\u00f3 un espacio de documentaci\u00f3n con libros de la biblioteca, sobre los temas asociados a este proyecto: ecologia urbana, agroecolog\u00eda, alimentaci\u00f3n y salud, autogesti\u00f3n ciudadana&#8230;<br \/>\nTambi\u00e9n se utiliz\u00f3 la exposici\u00f3n para abrir un Archivo Vivo sobre el Jard\u00ed de l&#8217;Amistat. Se invito a los vecinos del barrio a aportar testimonios orales o documentales (fotos, recortes de prensa&#8230;). Estos materiales y testimonios eran recogidos i archivados para constituir una referencia personal de la experiencia acumulada por personas que hab\u00edan participado del conocimiento del lugar y de los encuentros que se produc\u00edan. Se grabaron entrevistas, se escanearon fotograf\u00edas y otros documentos, se realizaron recorridos comentados sobre el mismo espacio como una memoria compartida in situ.<br \/>\nEl valor que ten\u00eda esta iniciativa en este lugar, era que los vecinos del barrio al entrar en su biblioteca, encontraban una exposici\u00f3n que les hablaba del mismo espacio donde estaban incorporando una historia y unos significados que en la mayor\u00eda de los casos desconoc\u00edan. O que si conoc\u00edan y recordaban, no hab\u00edan sido plenamente reivindicadas como elementos significativos de una construcci\u00f3n colectiva del barrio y la ciudad.<\/p>\n<figure id=\"attachment_719\" aria-describedby=\"caption-attachment-719\" style=\"width: 800px\" class=\"wp-caption alignnone\"><a href=\"https:\/\/sitesize.net\/aprendizajeautonomo\/wp-content\/uploads\/sites\/7\/2016\/10\/Arrelats-11.jpg\"><img loading=\"lazy\" decoding=\"async\" class=\"size-full wp-image-719\" src=\"https:\/\/sitesize.net\/aprendizajeautonomo\/wp-content\/uploads\/sites\/7\/2016\/10\/Arrelats-11.jpg\" alt=\"J D, nos indica d\u00f3nde estaba la granja de su famil\u00eda expropiada para la construcci\u00f3n de la biblioteca\" width=\"800\" height=\"570\" srcset=\"https:\/\/sitesize.net\/aprendizajeautonomo\/wp-content\/uploads\/sites\/7\/2016\/10\/Arrelats-11.jpg 800w, https:\/\/sitesize.net\/aprendizajeautonomo\/wp-content\/uploads\/sites\/7\/2016\/10\/Arrelats-11-300x214.jpg 300w, https:\/\/sitesize.net\/aprendizajeautonomo\/wp-content\/uploads\/sites\/7\/2016\/10\/Arrelats-11-768x547.jpg 768w\" sizes=\"auto, (max-width: 800px) 100vw, 800px\" \/><\/a><figcaption id=\"caption-attachment-719\" class=\"wp-caption-text\">J D, nos indica d\u00f3nde estaba la granja de su famil\u00eda expropiada para la construcci\u00f3n de la biblioteca<\/figcaption><\/figure>\n<p>El \u00faltimo d\u00eda de la exposici\u00f3n se hizo una sesi\u00f3n p\u00fablica en la Biblioteca para compartir con todas las personas participantes las impresiones recibidas, compartir documentos y plantear posibles iniciativas para la recuperaci\u00f3n del espacio. Llegaron vecinos que hab\u00edan participado en la exposici\u00f3n y otros desconocidos. Entre ellos J. D. y toda su familia, esposa, hijas y nietos. Esta visita fue especialmente importante. J. D. y su familia, eran los propietarios de la Granja Violeta, explotaci\u00f3n agr\u00edcola situada exactamente en los terrenos que ahora ocupa el complejo de la biblioteca. La granja cultiv\u00f3 hortalizas durante a\u00f1os en estas tierras. Como vecinos del Jard\u00ed de l&#8217;Amistat mantuvieron una estrecha relaci\u00f3n y complicidad. La familia ten\u00eda y mantiene una concepci\u00f3n naturista de la alimentaci\u00f3n y de la vida. Su participaci\u00f3n en las actividades del Jard\u00ed fueron constantes y comprometidas, su recuerdo y repercusi\u00f3n en cada uno de ellos fue tambi\u00e9n importante. A mediados de los a\u00f1os 90, los terrenos de su granja fueron expropiados y mal pagados por el Ayuntamiento de Sabadell dirigido por el Alcalde Farr\u00e9s. Supuso una traum\u00e1tica experiencia para la familia y un desarraigo de su lugar de vida y trabajo de tantos a\u00f1os. Dolorida por este dif\u00edcil episodio, la familia no hab\u00eda vuelto a acercarse a este espacio.<\/p>\n<p>Este d\u00eda, en una sesi\u00f3n p\u00fablica de encuentro, bajo la invocaci\u00f3n del nombre de Llum de la Selva y el Jard\u00ed de l&#8217;Amistat fue la primera vez que volv\u00edan a pisar este espacio. Y lo hac\u00edan para exponer p\u00fablicamente cual era su relaci\u00f3n con el lugar, lo que signific\u00f3 para ellos y lo que deseaban proyectar en \u00e9l para el futuro. Compartir su generosidad y entrega en este acto, fue una experiencia irrepetible. Su implicaci\u00f3n en el proyecto de recuperaci\u00f3n a partir de este momento ha sido total. El compromiso que nos traslada a los que hemos llegado al reconocimiento de este tema, es enorme y s\u00f3lo puede corresponderse con nuestro agradecimiento y con la vigilancia para extremar el respeto y la vigilancia para todo lo que en \u00e9l se suceda. Asumimos y compartimos un legado cuyo significado es emocional, personal y colectivo. Reconstruye memoria y enlaza sentimientos.<\/p>\n","protected":false},"excerpt":{"rendered":"<p>Exposici\u00f3n y encuentros en la Biblioteca de Ponent. Presentaci\u00f3n p\u00fablica.(Junio 2013) Dos equipamientos p\u00fablicos se han construido en los espacios adyacentes al Jard\u00ed de l&#8217;Amistat. Una escuela y guarder\u00eda y una biblioteca. La Escola Andreu Castells, es un centro de ense\u00f1anza primaria que lleva el nombre del importante historiador local al que debemos el rescate&hellip;<\/p>\n","protected":false},"author":1,"featured_media":0,"parent":150,"menu_order":0,"comment_status":"closed","ping_status":"closed","template":"","meta":{"footnotes":""},"class_list":["post-714","page","type-page","status-publish","hentry","no-post-thumbnail","post-grid-4-col","entry"],"yoast_head":"<!-- This site is optimized with the Yoast SEO plugin v27.1.1 - https:\/\/yoast.com\/product\/yoast-seo-wordpress\/ -->\n<title>Volver al lugar expropiado - Aprendizaje aut\u00f3nomo<\/title>\n<meta name=\"robots\" content=\"index, follow, max-snippet:-1, max-image-preview:large, max-video-preview:-1\" \/>\n<link rel=\"canonical\" href=\"https:\/\/sitesize.net\/aprendizajeautonomo\/arrelats\/encuentro-de-primavera\/volver-al-lugar-expropiado\/\" \/>\n<meta property=\"og:locale\" content=\"es_ES\" \/>\n<meta property=\"og:type\" content=\"article\" \/>\n<meta property=\"og:title\" content=\"Volver al lugar expropiado - Aprendizaje aut\u00f3nomo\" \/>\n<meta property=\"og:description\" content=\"Exposici\u00f3n y encuentros en la Biblioteca de Ponent. Presentaci\u00f3n p\u00fablica.(Junio 2013) Dos equipamientos p\u00fablicos se han construido en los espacios adyacentes al Jard\u00ed de l&#8217;Amistat. Una escuela y guarder\u00eda y una biblioteca. La Escola Andreu Castells, es un centro de ense\u00f1anza primaria que lleva el nombre del importante historiador local al que debemos el rescate&hellip;\" \/>\n<meta property=\"og:url\" content=\"https:\/\/sitesize.net\/aprendizajeautonomo\/arrelats\/encuentro-de-primavera\/volver-al-lugar-expropiado\/\" \/>\n<meta property=\"og:site_name\" content=\"Aprendizaje aut\u00f3nomo\" \/>\n<meta property=\"article:modified_time\" content=\"2016-10-31T21:21:22+00:00\" \/>\n<meta property=\"og:image\" content=\"https:\/\/sitesize.net\/aprendizajeautonomo\/wp-content\/uploads\/sites\/7\/2016\/10\/Arrelats-12.jpg\" \/>\n<meta name=\"twitter:card\" content=\"summary_large_image\" \/>\n<meta name=\"twitter:label1\" content=\"Est. reading time\" \/>\n\t<meta name=\"twitter:data1\" content=\"5 minutos\" \/>\n<script type=\"application\/ld+json\" class=\"yoast-schema-graph\">{\"@context\":\"https:\/\/schema.org\",\"@graph\":[{\"@type\":\"WebPage\",\"@id\":\"https:\/\/sitesize.net\/aprendizajeautonomo\/arrelats\/encuentro-de-primavera\/volver-al-lugar-expropiado\/\",\"url\":\"https:\/\/sitesize.net\/aprendizajeautonomo\/arrelats\/encuentro-de-primavera\/volver-al-lugar-expropiado\/\",\"name\":\"Volver al lugar expropiado - Aprendizaje aut\u00f3nomo\",\"isPartOf\":{\"@id\":\"https:\/\/sitesize.net\/aprendizajeautonomo\/#website\"},\"primaryImageOfPage\":{\"@id\":\"https:\/\/sitesize.net\/aprendizajeautonomo\/arrelats\/encuentro-de-primavera\/volver-al-lugar-expropiado\/#primaryimage\"},\"image\":{\"@id\":\"https:\/\/sitesize.net\/aprendizajeautonomo\/arrelats\/encuentro-de-primavera\/volver-al-lugar-expropiado\/#primaryimage\"},\"thumbnailUrl\":\"https:\/\/sitesize.net\/aprendizajeautonomo\/wp-content\/uploads\/sites\/7\/2016\/10\/Arrelats-12.jpg\",\"datePublished\":\"2016-10-31T20:17:57+00:00\",\"dateModified\":\"2016-10-31T21:21:22+00:00\",\"breadcrumb\":{\"@id\":\"https:\/\/sitesize.net\/aprendizajeautonomo\/arrelats\/encuentro-de-primavera\/volver-al-lugar-expropiado\/#breadcrumb\"},\"inLanguage\":\"es\",\"potentialAction\":[{\"@type\":\"ReadAction\",\"target\":[\"https:\/\/sitesize.net\/aprendizajeautonomo\/arrelats\/encuentro-de-primavera\/volver-al-lugar-expropiado\/\"]}]},{\"@type\":\"ImageObject\",\"inLanguage\":\"es\",\"@id\":\"https:\/\/sitesize.net\/aprendizajeautonomo\/arrelats\/encuentro-de-primavera\/volver-al-lugar-expropiado\/#primaryimage\",\"url\":\"https:\/\/sitesize.net\/aprendizajeautonomo\/wp-content\/uploads\/sites\/7\/2016\/10\/Arrelats-12.jpg\",\"contentUrl\":\"https:\/\/sitesize.net\/aprendizajeautonomo\/wp-content\/uploads\/sites\/7\/2016\/10\/Arrelats-12.jpg\",\"width\":800,\"height\":512,\"caption\":\"Actividad p\u00fablica de la exposici\u00f3n sobre el Jard\u00ed de l'Amistat en la Biblioteca de Ponent en Sabadell\"},{\"@type\":\"BreadcrumbList\",\"@id\":\"https:\/\/sitesize.net\/aprendizajeautonomo\/arrelats\/encuentro-de-primavera\/volver-al-lugar-expropiado\/#breadcrumb\",\"itemListElement\":[{\"@type\":\"ListItem\",\"position\":1,\"name\":\"Home\",\"item\":\"https:\/\/sitesize.net\/aprendizajeautonomo\/\"},{\"@type\":\"ListItem\",\"position\":2,\"name\":\"Arrelats\",\"item\":\"https:\/\/sitesize.net\/aprendizajeautonomo\/arrelats\/\"},{\"@type\":\"ListItem\",\"position\":3,\"name\":\"Aprendizaje de lo inesperado\",\"item\":\"https:\/\/sitesize.net\/aprendizajeautonomo\/arrelats\/encuentro-de-primavera\/\"},{\"@type\":\"ListItem\",\"position\":4,\"name\":\"Volver al lugar expropiado\"}]},{\"@type\":\"WebSite\",\"@id\":\"https:\/\/sitesize.net\/aprendizajeautonomo\/#website\",\"url\":\"https:\/\/sitesize.net\/aprendizajeautonomo\/\",\"name\":\"Aprendizaje aut\u00f3nomo\",\"description\":\"comunidades e itinerarios en el marco de la creaci\u00f3n contempor\u00e1nea\",\"potentialAction\":[{\"@type\":\"SearchAction\",\"target\":{\"@type\":\"EntryPoint\",\"urlTemplate\":\"https:\/\/sitesize.net\/aprendizajeautonomo\/?s={search_term_string}\"},\"query-input\":{\"@type\":\"PropertyValueSpecification\",\"valueRequired\":true,\"valueName\":\"search_term_string\"}}],\"inLanguage\":\"es\"}]}<\/script>\n<!-- \/ Yoast SEO plugin. -->","yoast_head_json":{"title":"Volver al lugar expropiado - Aprendizaje aut\u00f3nomo","robots":{"index":"index","follow":"follow","max-snippet":"max-snippet:-1","max-image-preview":"max-image-preview:large","max-video-preview":"max-video-preview:-1"},"canonical":"https:\/\/sitesize.net\/aprendizajeautonomo\/arrelats\/encuentro-de-primavera\/volver-al-lugar-expropiado\/","og_locale":"es_ES","og_type":"article","og_title":"Volver al lugar expropiado - Aprendizaje aut\u00f3nomo","og_description":"Exposici\u00f3n y encuentros en la Biblioteca de Ponent. Presentaci\u00f3n p\u00fablica.(Junio 2013) Dos equipamientos p\u00fablicos se han construido en los espacios adyacentes al Jard\u00ed de l&#8217;Amistat. Una escuela y guarder\u00eda y una biblioteca. La Escola Andreu Castells, es un centro de ense\u00f1anza primaria que lleva el nombre del importante historiador local al que debemos el rescate&hellip;","og_url":"https:\/\/sitesize.net\/aprendizajeautonomo\/arrelats\/encuentro-de-primavera\/volver-al-lugar-expropiado\/","og_site_name":"Aprendizaje aut\u00f3nomo","article_modified_time":"2016-10-31T21:21:22+00:00","og_image":[{"url":"https:\/\/sitesize.net\/aprendizajeautonomo\/wp-content\/uploads\/sites\/7\/2016\/10\/Arrelats-12.jpg","type":"","width":"","height":""}],"twitter_card":"summary_large_image","twitter_misc":{"Est. reading time":"5 minutos"},"schema":{"@context":"https:\/\/schema.org","@graph":[{"@type":"WebPage","@id":"https:\/\/sitesize.net\/aprendizajeautonomo\/arrelats\/encuentro-de-primavera\/volver-al-lugar-expropiado\/","url":"https:\/\/sitesize.net\/aprendizajeautonomo\/arrelats\/encuentro-de-primavera\/volver-al-lugar-expropiado\/","name":"Volver al lugar expropiado - Aprendizaje aut\u00f3nomo","isPartOf":{"@id":"https:\/\/sitesize.net\/aprendizajeautonomo\/#website"},"primaryImageOfPage":{"@id":"https:\/\/sitesize.net\/aprendizajeautonomo\/arrelats\/encuentro-de-primavera\/volver-al-lugar-expropiado\/#primaryimage"},"image":{"@id":"https:\/\/sitesize.net\/aprendizajeautonomo\/arrelats\/encuentro-de-primavera\/volver-al-lugar-expropiado\/#primaryimage"},"thumbnailUrl":"https:\/\/sitesize.net\/aprendizajeautonomo\/wp-content\/uploads\/sites\/7\/2016\/10\/Arrelats-12.jpg","datePublished":"2016-10-31T20:17:57+00:00","dateModified":"2016-10-31T21:21:22+00:00","breadcrumb":{"@id":"https:\/\/sitesize.net\/aprendizajeautonomo\/arrelats\/encuentro-de-primavera\/volver-al-lugar-expropiado\/#breadcrumb"},"inLanguage":"es","potentialAction":[{"@type":"ReadAction","target":["https:\/\/sitesize.net\/aprendizajeautonomo\/arrelats\/encuentro-de-primavera\/volver-al-lugar-expropiado\/"]}]},{"@type":"ImageObject","inLanguage":"es","@id":"https:\/\/sitesize.net\/aprendizajeautonomo\/arrelats\/encuentro-de-primavera\/volver-al-lugar-expropiado\/#primaryimage","url":"https:\/\/sitesize.net\/aprendizajeautonomo\/wp-content\/uploads\/sites\/7\/2016\/10\/Arrelats-12.jpg","contentUrl":"https:\/\/sitesize.net\/aprendizajeautonomo\/wp-content\/uploads\/sites\/7\/2016\/10\/Arrelats-12.jpg","width":800,"height":512,"caption":"Actividad p\u00fablica de la exposici\u00f3n sobre el Jard\u00ed de l'Amistat en la Biblioteca de Ponent en Sabadell"},{"@type":"BreadcrumbList","@id":"https:\/\/sitesize.net\/aprendizajeautonomo\/arrelats\/encuentro-de-primavera\/volver-al-lugar-expropiado\/#breadcrumb","itemListElement":[{"@type":"ListItem","position":1,"name":"Home","item":"https:\/\/sitesize.net\/aprendizajeautonomo\/"},{"@type":"ListItem","position":2,"name":"Arrelats","item":"https:\/\/sitesize.net\/aprendizajeautonomo\/arrelats\/"},{"@type":"ListItem","position":3,"name":"Aprendizaje de lo inesperado","item":"https:\/\/sitesize.net\/aprendizajeautonomo\/arrelats\/encuentro-de-primavera\/"},{"@type":"ListItem","position":4,"name":"Volver al lugar expropiado"}]},{"@type":"WebSite","@id":"https:\/\/sitesize.net\/aprendizajeautonomo\/#website","url":"https:\/\/sitesize.net\/aprendizajeautonomo\/","name":"Aprendizaje aut\u00f3nomo","description":"comunidades e itinerarios en el marco de la creaci\u00f3n contempor\u00e1nea","potentialAction":[{"@type":"SearchAction","target":{"@type":"EntryPoint","urlTemplate":"https:\/\/sitesize.net\/aprendizajeautonomo\/?s={search_term_string}"},"query-input":{"@type":"PropertyValueSpecification","valueRequired":true,"valueName":"search_term_string"}}],"inLanguage":"es"}]}},"_links":{"self":[{"href":"https:\/\/sitesize.net\/aprendizajeautonomo\/wp-json\/wp\/v2\/pages\/714","targetHints":{"allow":["GET"]}}],"collection":[{"href":"https:\/\/sitesize.net\/aprendizajeautonomo\/wp-json\/wp\/v2\/pages"}],"about":[{"href":"https:\/\/sitesize.net\/aprendizajeautonomo\/wp-json\/wp\/v2\/types\/page"}],"author":[{"embeddable":true,"href":"https:\/\/sitesize.net\/aprendizajeautonomo\/wp-json\/wp\/v2\/users\/1"}],"replies":[{"embeddable":true,"href":"https:\/\/sitesize.net\/aprendizajeautonomo\/wp-json\/wp\/v2\/comments?post=714"}],"version-history":[{"count":3,"href":"https:\/\/sitesize.net\/aprendizajeautonomo\/wp-json\/wp\/v2\/pages\/714\/revisions"}],"predecessor-version":[{"id":720,"href":"https:\/\/sitesize.net\/aprendizajeautonomo\/wp-json\/wp\/v2\/pages\/714\/revisions\/720"}],"up":[{"embeddable":true,"href":"https:\/\/sitesize.net\/aprendizajeautonomo\/wp-json\/wp\/v2\/pages\/150"}],"wp:attachment":[{"href":"https:\/\/sitesize.net\/aprendizajeautonomo\/wp-json\/wp\/v2\/media?parent=714"}],"curies":[{"name":"wp","href":"https:\/\/api.w.org\/{rel}","templated":true}]}}