{"id":93,"date":"2016-01-11T17:11:32","date_gmt":"2016-01-11T17:11:32","guid":{"rendered":"https:\/\/sitesize.net\/aprendizajeautonomo\/?page_id=93"},"modified":"2016-10-24T16:22:58","modified_gmt":"2016-10-24T16:22:58","slug":"ekme-audiovisual","status":"publish","type":"page","link":"https:\/\/sitesize.net\/aprendizajeautonomo\/la-casa-grande-como-obra-de-arte\/encuesta-pumarejo\/ekme-audiovisual\/","title":{"rendered":"Ekme Filogullari"},"content":{"rendered":"<figure id=\"attachment_609\" aria-describedby=\"caption-attachment-609\" style=\"width: 720px\" class=\"wp-caption alignnone\"><a href=\"https:\/\/sitesize.net\/aprendizajeautonomo\/wp-content\/uploads\/sites\/7\/2016\/01\/pumarejo-title.jpg\"><img loading=\"lazy\" decoding=\"async\" class=\"wp-image-609 size-full\" src=\"https:\/\/sitesize.net\/aprendizajeautonomo\/wp-content\/uploads\/sites\/7\/2016\/01\/pumarejo-title.jpg\" alt=\"pumarejo\" width=\"720\" height=\"541\" srcset=\"https:\/\/sitesize.net\/aprendizajeautonomo\/wp-content\/uploads\/sites\/7\/2016\/01\/pumarejo-title.jpg 720w, https:\/\/sitesize.net\/aprendizajeautonomo\/wp-content\/uploads\/sites\/7\/2016\/01\/pumarejo-title-300x225.jpg 300w\" sizes=\"auto, (max-width: 720px) 100vw, 720px\" \/><\/a><figcaption id=\"caption-attachment-609\" class=\"wp-caption-text\">Portada del corto documental de Ekme Filogullari, que muestra la reacci\u00f3n de la ciudadan\u00eda ante la dejadez de las autoridades, tomando las riendas en el uso de lo p\u00fablico en medio de un brote de iniciativas de solidaridad y de innovaci\u00f3n social.<\/figcaption><\/figure>\n<p>&nbsp;<\/p>\n<p><strong><u>Encuesta sobre la Casa Grande del Pumarejo como lugar de creaci<\/u><\/strong><strong><u>\u00f3<\/u><\/strong><strong><u>n y aprendizaje comunitario<\/u><\/strong><\/p>\n<p>&nbsp;<\/p>\n<p><strong>Bloque 1\/\/ Inicio <\/strong><strong>\u2013<\/strong> <strong>punto de partida<\/strong><\/p>\n<p><strong>1-\u00bfCuando y de qu\u00e9 modo llegas a la Casa Grande del Pumarejo?<\/strong><\/p>\n<p>Como profesional y persona apasionada por el mundo audiovisual, llego a la Casa del Pumarejo en un momento bajo de mi vida, en paro y constatando en persona lo que ya me ven\u00eda trayendo quebraderos de cabeza: un sistema caduco e insostenible que s\u00f3lo busca maximizar el beneficio econ\u00f3mico a costa de cualquier cosa y que nos empuja hacia el precipicio. En un momento sin esperanza y ante un entorno inmediato caracterizado por una sociedad individualista, despreocupada por los graves problemas de este mundo, vivo un re-encuentro con dos antiguas compa\u00f1eras y amigas de la facultad de comunicaci\u00f3n, Roc\u00edo Nogales y Guiomar S\u00e1nchez que me hablan de un proyecto art\u00edstico para conseguir fondos con el objetivo de rehabilitar la Casa Palacio del Pumarejo, debido al abandono absoluto del gobierno local. Este proyecto consisti\u00f3 en la creaci\u00f3n de un concurso fotogr\u00e1fico, mediante fotograf\u00eda m\u00f3vil, y posterior exposici\u00f3n denominado: \u201cLo Hacemos Nosotras\u201d. Todo esto me deja extra\u00f1ado y a la vez sorprendido, y sin conocer la casa, decido adentrarme en ella con mi c\u00e1mara.<\/p>\n<p><strong>2-\u00bfCu\u00e1l fue la propuesta y cu\u00e1l fue su origen?<\/strong><\/p>\n<p>Me ofrec\u00ed de forma voluntaria a cubrir el evento de esta exposici\u00f3n en la Galer\u00eda Weber-Lutgen que coincid\u00eda adem\u00e1s con un evento importante en la plaza e interior del Palacio del Pumarejo: el MercaPuma. Es la primera vez que acudo al Pumarejo y lo hago con mi c\u00e1mara. Me quedo absolutamente maravillado y trato de grabar todo lo que ocurre en la plaza, en el interior del palacio y en la mencionada galer\u00eda. Lo que en un principio iba a ser un mero v\u00eddeo de evento del mencionado proyecto en la Galer\u00eda Weber-Lutgen empieza a cobrar vida y forma de una extra\u00f1a mezcla entre corto documental y videoclip.<\/p>\n<p>&nbsp;<\/p>\n<p><strong>Bloque 2\/\/ Creaci<\/strong><strong>\u00f3<\/strong><strong>n <\/strong><strong>\u2013<\/strong> <strong>proceso<\/strong><\/p>\n<p><strong>3-\u00bfC\u00f3mo fue el proceso de creaci\u00f3n y qui\u00e9n form\u00f3 parte de \u00e9l?<\/strong><\/p>\n<p>Todo es fruto de la improvisaci\u00f3n, no hubo planificaci\u00f3n alguna. Es quiz\u00e1s como el caos ordenado propio de ese eco-sistema llamado Casa Grande del Pumarejo que utiliza una manera m\u00e1s natural y menos encorsetada de HACER las cosas.<\/p>\n<p><strong>4-\u00bfC\u00f3mo se desarroll\u00f3 y que personas y colectivos se implicaron?<\/strong><\/p>\n<p>Cabe destacar las entrevistas cortas (respuestas de una o dos palabras) de gente abierta que a\u00fan desconoc\u00eda y por otro lado la recomendaci\u00f3n de Guiomar, sobre la marcha, de buscar a Salvador Garc\u00eda, David G\u00f3mez, Roc\u00edo Pozo\u2026ellos me explicar\u00edan qu\u00e9 es la Casa Grande del Pumarejo.<\/p>\n<p>Despu\u00e9s ocurri\u00f3 algo inesperado y sorprendente. El famoso guitarrista Paco Seco, vinculado a gente de la casa, nos deleit\u00f3 con su presencia regal\u00e1ndonos un concierto de guitarra en vivo en el interior del centro vecinal. Despu\u00e9s de grabar este momento fortuito pude charlar unos minutos con \u00e9l y tras preguntarle obtuve el permiso para usar su m\u00fasica en lo que intu\u00eda iba a ser un v\u00eddeo m\u00e1s completo de la vida de la casa.<\/p>\n<p><strong>5-\u00bfC\u00f3mo se financi\u00f3 y como se llev\u00f3 a cabo la producci\u00f3n del proyecto?<\/strong><\/p>\n<p>Fue algo voluntario fruto de mi trabajo y del equipo material que dispon\u00eda en ese momento. No hubo financiaci\u00f3n y lo hice por amor al arte que es esa comunidad de la Casa del Pumarejo cuya energ\u00eda y pensamiento alternativo me ha devuelto la esperanza en el COM\u00daN, cuando ya la hab\u00eda perdido.<\/p>\n<p>&nbsp;<\/p>\n<p><strong>Bloque 3\/\/ Aprendizajes <\/strong><strong>\u2013<\/strong> <strong>diseminaci<\/strong><strong>\u00f3<\/strong><strong>n<\/strong><\/p>\n<p><strong>6-\u00bfQu\u00e9 aprendizajes y din\u00e1micas gener\u00f3 el conjunto de la propuesta en el contexto de la Casa?<\/strong><\/p>\n<p>El v\u00eddeo revitaliz\u00f3 la casa de alguna manera. Gente que llevaba 12 a\u00f1os luchando hab\u00eda llegado a un estado de cierto agotamiento, de falta de esperanza. El v\u00eddeo logr\u00f3 fortalecer la identidad y pertenencia a la comunidad, y motivar para seguir en la lucha. Tambi\u00e9n se aprendi\u00f3 que el arte supon\u00eda una forma de lucha muy efectiva y llena de motivaci\u00f3n, pues transmite lo racional pero de una manera muy muy emocional.<\/p>\n<p><strong>7-\u00bfQu\u00e9 has aprendido de todo el proceso?<\/strong><\/p>\n<p>Para retratar lo aut\u00e9ntico hay que ser paciente e improvisar mucho, y aprovechar las oportunidades que te brinda la energ\u00eda sonora y visual que est\u00e1s captando.<\/p>\n<p><strong>8-\u00bfQu\u00e9 difusi\u00f3n y redes se generaron con la propuesta?<\/strong><\/p>\n<p>Primero vimeo, youtube, facebook. Luego hubo una gran oportunidad. Convencido de trabajar para la econom\u00eda social, acud\u00ed a un mega-evento participativo de emprendedores sociales organizado por la Comisi\u00f3n Europea en Estrasburgo del 16 al 17 de enero de 2014 y que pagu\u00e9 de mi bolsillo. Tuve la oportunidad de salir al estrado y hablar de la Casa Grande del Pumarejo en una sala de 2000 personas de capacidad as\u00ed como proyectar el v\u00eddeo que realic\u00e9 para la casa. Para mi sorpresa el v\u00eddeo fue publicado (y sigue all\u00ed) en la p\u00e1gina web oficial de la Comisi\u00f3n Europea. Para la gente de la casa, que ha sido ninguneada por el Gobierno local durante 15 a\u00f1os, este hecho caus\u00f3 gran sorpresa y alegr\u00eda y al mismo tiempo supuso un varapalo al ayuntamiento de Sevilla, al constatar el enorme inter\u00e9s que la innovaci\u00f3n social vinculada al Pumarejo generaba en las altas instancias europeas.<\/p>\n<p><strong>9-\u00bfA tu modo de ver qu\u00e9 retos plantea y c\u00f3mo ves el futuro de la Casa grande del Pumarejo?<\/strong><\/p>\n<p>La presi\u00f3n art\u00edstica y comunicativa de sus gentes, as\u00ed como la auto-suficiencia en forma de crowdfunding y otras muchas acciones e innovaciones sociales est\u00e1 ahora generando nuevo inter\u00e9s as\u00ed como nuevos acercamientos de una clase pol\u00edtica tradicional que ha reaccionado con retraso ante una sabidur\u00eda popular que parece haberse adelantado a los nuevos tiempos y corrientes de pensamiento.<\/p>\n<p>&nbsp;<\/p>\n<p><strong>Bloque 4\/\/ Otros aspectos del proyecto a destacar <\/strong><\/p>\n<p><strong>10- Temas y cuestiones de la propuesta que cabe a\u00f1adir<\/strong><\/p>\n<p>&nbsp;<\/p>\n<p>Ver v\u00eddeo: Casa Grande del Pumarejo (Emek Filogullari)<br \/>\n<a href=\"https:\/\/vimeo.com\/65434818\">https:\/\/vimeo.com\/65434818<\/a><\/p>\n<p>&nbsp;<\/p>\n","protected":false},"excerpt":{"rendered":"<p>&nbsp; Encuesta sobre la Casa Grande del Pumarejo como lugar de creaci\u00f3n y aprendizaje comunitario &nbsp; Bloque 1\/\/ Inicio \u2013 punto de partida 1-\u00bfCuando y de qu\u00e9 modo llegas a la Casa Grande del Pumarejo? Como profesional y persona apasionada por el mundo audiovisual, llego a la Casa del Pumarejo en un momento bajo de&hellip;<\/p>\n","protected":false},"author":1,"featured_media":0,"parent":90,"menu_order":0,"comment_status":"closed","ping_status":"closed","template":"","meta":{"footnotes":""},"class_list":["post-93","page","type-page","status-publish","hentry","no-post-thumbnail","post-grid-4-col","entry"],"yoast_head":"<!-- This site is optimized with the Yoast SEO plugin v27.1.1 - https:\/\/yoast.com\/product\/yoast-seo-wordpress\/ -->\n<title>Ekme Filogullari - Aprendizaje aut\u00f3nomo<\/title>\n<meta name=\"robots\" content=\"index, follow, max-snippet:-1, max-image-preview:large, max-video-preview:-1\" \/>\n<link rel=\"canonical\" href=\"https:\/\/sitesize.net\/aprendizajeautonomo\/la-casa-grande-como-obra-de-arte\/encuesta-pumarejo\/ekme-audiovisual\/\" \/>\n<meta property=\"og:locale\" content=\"es_ES\" \/>\n<meta property=\"og:type\" content=\"article\" \/>\n<meta property=\"og:title\" content=\"Ekme Filogullari - Aprendizaje aut\u00f3nomo\" \/>\n<meta property=\"og:description\" content=\"&nbsp; Encuesta sobre la Casa Grande del Pumarejo como lugar de creaci\u00f3n y aprendizaje comunitario &nbsp; Bloque 1\/\/ Inicio \u2013 punto de partida 1-\u00bfCuando y de qu\u00e9 modo llegas a la Casa Grande del Pumarejo? Como profesional y persona apasionada por el mundo audiovisual, llego a la Casa del Pumarejo en un momento bajo de&hellip;\" \/>\n<meta property=\"og:url\" content=\"https:\/\/sitesize.net\/aprendizajeautonomo\/la-casa-grande-como-obra-de-arte\/encuesta-pumarejo\/ekme-audiovisual\/\" \/>\n<meta property=\"og:site_name\" content=\"Aprendizaje aut\u00f3nomo\" \/>\n<meta property=\"article:modified_time\" content=\"2016-10-24T16:22:58+00:00\" \/>\n<meta property=\"og:image\" content=\"https:\/\/sitesize.net\/aprendizajeautonomo\/wp-content\/uploads\/sites\/7\/2016\/01\/pumarejo-title.jpg\" \/>\n<meta name=\"twitter:card\" content=\"summary_large_image\" \/>\n<meta name=\"twitter:label1\" content=\"Est. reading time\" \/>\n\t<meta name=\"twitter:data1\" content=\"6 minutos\" \/>\n<script type=\"application\/ld+json\" class=\"yoast-schema-graph\">{\"@context\":\"https:\/\/schema.org\",\"@graph\":[{\"@type\":\"WebPage\",\"@id\":\"https:\/\/sitesize.net\/aprendizajeautonomo\/la-casa-grande-como-obra-de-arte\/encuesta-pumarejo\/ekme-audiovisual\/\",\"url\":\"https:\/\/sitesize.net\/aprendizajeautonomo\/la-casa-grande-como-obra-de-arte\/encuesta-pumarejo\/ekme-audiovisual\/\",\"name\":\"Ekme Filogullari - Aprendizaje aut\u00f3nomo\",\"isPartOf\":{\"@id\":\"https:\/\/sitesize.net\/aprendizajeautonomo\/#website\"},\"primaryImageOfPage\":{\"@id\":\"https:\/\/sitesize.net\/aprendizajeautonomo\/la-casa-grande-como-obra-de-arte\/encuesta-pumarejo\/ekme-audiovisual\/#primaryimage\"},\"image\":{\"@id\":\"https:\/\/sitesize.net\/aprendizajeautonomo\/la-casa-grande-como-obra-de-arte\/encuesta-pumarejo\/ekme-audiovisual\/#primaryimage\"},\"thumbnailUrl\":\"https:\/\/sitesize.net\/aprendizajeautonomo\/wp-content\/uploads\/sites\/7\/2016\/01\/pumarejo-title.jpg\",\"datePublished\":\"2016-01-11T17:11:32+00:00\",\"dateModified\":\"2016-10-24T16:22:58+00:00\",\"breadcrumb\":{\"@id\":\"https:\/\/sitesize.net\/aprendizajeautonomo\/la-casa-grande-como-obra-de-arte\/encuesta-pumarejo\/ekme-audiovisual\/#breadcrumb\"},\"inLanguage\":\"es\",\"potentialAction\":[{\"@type\":\"ReadAction\",\"target\":[\"https:\/\/sitesize.net\/aprendizajeautonomo\/la-casa-grande-como-obra-de-arte\/encuesta-pumarejo\/ekme-audiovisual\/\"]}]},{\"@type\":\"ImageObject\",\"inLanguage\":\"es\",\"@id\":\"https:\/\/sitesize.net\/aprendizajeautonomo\/la-casa-grande-como-obra-de-arte\/encuesta-pumarejo\/ekme-audiovisual\/#primaryimage\",\"url\":\"https:\/\/sitesize.net\/aprendizajeautonomo\/wp-content\/uploads\/sites\/7\/2016\/01\/pumarejo-title.jpg\",\"contentUrl\":\"https:\/\/sitesize.net\/aprendizajeautonomo\/wp-content\/uploads\/sites\/7\/2016\/01\/pumarejo-title.jpg\",\"width\":720,\"height\":541},{\"@type\":\"BreadcrumbList\",\"@id\":\"https:\/\/sitesize.net\/aprendizajeautonomo\/la-casa-grande-como-obra-de-arte\/encuesta-pumarejo\/ekme-audiovisual\/#breadcrumb\",\"itemListElement\":[{\"@type\":\"ListItem\",\"position\":1,\"name\":\"Home\",\"item\":\"https:\/\/sitesize.net\/aprendizajeautonomo\/\"},{\"@type\":\"ListItem\",\"position\":2,\"name\":\"La Casa como obra de arte\",\"item\":\"https:\/\/sitesize.net\/aprendizajeautonomo\/la-casa-grande-como-obra-de-arte\/\"},{\"@type\":\"ListItem\",\"position\":3,\"name\":\"Encuesta sobre la Casa Grande del Pumarejo\",\"item\":\"https:\/\/sitesize.net\/aprendizajeautonomo\/la-casa-grande-como-obra-de-arte\/encuesta-pumarejo\/\"},{\"@type\":\"ListItem\",\"position\":4,\"name\":\"Ekme Filogullari\"}]},{\"@type\":\"WebSite\",\"@id\":\"https:\/\/sitesize.net\/aprendizajeautonomo\/#website\",\"url\":\"https:\/\/sitesize.net\/aprendizajeautonomo\/\",\"name\":\"Aprendizaje aut\u00f3nomo\",\"description\":\"comunidades e itinerarios en el marco de la creaci\u00f3n contempor\u00e1nea\",\"potentialAction\":[{\"@type\":\"SearchAction\",\"target\":{\"@type\":\"EntryPoint\",\"urlTemplate\":\"https:\/\/sitesize.net\/aprendizajeautonomo\/?s={search_term_string}\"},\"query-input\":{\"@type\":\"PropertyValueSpecification\",\"valueRequired\":true,\"valueName\":\"search_term_string\"}}],\"inLanguage\":\"es\"}]}<\/script>\n<!-- \/ Yoast SEO plugin. -->","yoast_head_json":{"title":"Ekme Filogullari - Aprendizaje aut\u00f3nomo","robots":{"index":"index","follow":"follow","max-snippet":"max-snippet:-1","max-image-preview":"max-image-preview:large","max-video-preview":"max-video-preview:-1"},"canonical":"https:\/\/sitesize.net\/aprendizajeautonomo\/la-casa-grande-como-obra-de-arte\/encuesta-pumarejo\/ekme-audiovisual\/","og_locale":"es_ES","og_type":"article","og_title":"Ekme Filogullari - Aprendizaje aut\u00f3nomo","og_description":"&nbsp; Encuesta sobre la Casa Grande del Pumarejo como lugar de creaci\u00f3n y aprendizaje comunitario &nbsp; Bloque 1\/\/ Inicio \u2013 punto de partida 1-\u00bfCuando y de qu\u00e9 modo llegas a la Casa Grande del Pumarejo? Como profesional y persona apasionada por el mundo audiovisual, llego a la Casa del Pumarejo en un momento bajo de&hellip;","og_url":"https:\/\/sitesize.net\/aprendizajeautonomo\/la-casa-grande-como-obra-de-arte\/encuesta-pumarejo\/ekme-audiovisual\/","og_site_name":"Aprendizaje aut\u00f3nomo","article_modified_time":"2016-10-24T16:22:58+00:00","og_image":[{"url":"https:\/\/sitesize.net\/aprendizajeautonomo\/wp-content\/uploads\/sites\/7\/2016\/01\/pumarejo-title.jpg","type":"","width":"","height":""}],"twitter_card":"summary_large_image","twitter_misc":{"Est. reading time":"6 minutos"},"schema":{"@context":"https:\/\/schema.org","@graph":[{"@type":"WebPage","@id":"https:\/\/sitesize.net\/aprendizajeautonomo\/la-casa-grande-como-obra-de-arte\/encuesta-pumarejo\/ekme-audiovisual\/","url":"https:\/\/sitesize.net\/aprendizajeautonomo\/la-casa-grande-como-obra-de-arte\/encuesta-pumarejo\/ekme-audiovisual\/","name":"Ekme Filogullari - Aprendizaje aut\u00f3nomo","isPartOf":{"@id":"https:\/\/sitesize.net\/aprendizajeautonomo\/#website"},"primaryImageOfPage":{"@id":"https:\/\/sitesize.net\/aprendizajeautonomo\/la-casa-grande-como-obra-de-arte\/encuesta-pumarejo\/ekme-audiovisual\/#primaryimage"},"image":{"@id":"https:\/\/sitesize.net\/aprendizajeautonomo\/la-casa-grande-como-obra-de-arte\/encuesta-pumarejo\/ekme-audiovisual\/#primaryimage"},"thumbnailUrl":"https:\/\/sitesize.net\/aprendizajeautonomo\/wp-content\/uploads\/sites\/7\/2016\/01\/pumarejo-title.jpg","datePublished":"2016-01-11T17:11:32+00:00","dateModified":"2016-10-24T16:22:58+00:00","breadcrumb":{"@id":"https:\/\/sitesize.net\/aprendizajeautonomo\/la-casa-grande-como-obra-de-arte\/encuesta-pumarejo\/ekme-audiovisual\/#breadcrumb"},"inLanguage":"es","potentialAction":[{"@type":"ReadAction","target":["https:\/\/sitesize.net\/aprendizajeautonomo\/la-casa-grande-como-obra-de-arte\/encuesta-pumarejo\/ekme-audiovisual\/"]}]},{"@type":"ImageObject","inLanguage":"es","@id":"https:\/\/sitesize.net\/aprendizajeautonomo\/la-casa-grande-como-obra-de-arte\/encuesta-pumarejo\/ekme-audiovisual\/#primaryimage","url":"https:\/\/sitesize.net\/aprendizajeautonomo\/wp-content\/uploads\/sites\/7\/2016\/01\/pumarejo-title.jpg","contentUrl":"https:\/\/sitesize.net\/aprendizajeautonomo\/wp-content\/uploads\/sites\/7\/2016\/01\/pumarejo-title.jpg","width":720,"height":541},{"@type":"BreadcrumbList","@id":"https:\/\/sitesize.net\/aprendizajeautonomo\/la-casa-grande-como-obra-de-arte\/encuesta-pumarejo\/ekme-audiovisual\/#breadcrumb","itemListElement":[{"@type":"ListItem","position":1,"name":"Home","item":"https:\/\/sitesize.net\/aprendizajeautonomo\/"},{"@type":"ListItem","position":2,"name":"La Casa como obra de arte","item":"https:\/\/sitesize.net\/aprendizajeautonomo\/la-casa-grande-como-obra-de-arte\/"},{"@type":"ListItem","position":3,"name":"Encuesta sobre la Casa Grande del Pumarejo","item":"https:\/\/sitesize.net\/aprendizajeautonomo\/la-casa-grande-como-obra-de-arte\/encuesta-pumarejo\/"},{"@type":"ListItem","position":4,"name":"Ekme Filogullari"}]},{"@type":"WebSite","@id":"https:\/\/sitesize.net\/aprendizajeautonomo\/#website","url":"https:\/\/sitesize.net\/aprendizajeautonomo\/","name":"Aprendizaje aut\u00f3nomo","description":"comunidades e itinerarios en el marco de la creaci\u00f3n contempor\u00e1nea","potentialAction":[{"@type":"SearchAction","target":{"@type":"EntryPoint","urlTemplate":"https:\/\/sitesize.net\/aprendizajeautonomo\/?s={search_term_string}"},"query-input":{"@type":"PropertyValueSpecification","valueRequired":true,"valueName":"search_term_string"}}],"inLanguage":"es"}]}},"_links":{"self":[{"href":"https:\/\/sitesize.net\/aprendizajeautonomo\/wp-json\/wp\/v2\/pages\/93","targetHints":{"allow":["GET"]}}],"collection":[{"href":"https:\/\/sitesize.net\/aprendizajeautonomo\/wp-json\/wp\/v2\/pages"}],"about":[{"href":"https:\/\/sitesize.net\/aprendizajeautonomo\/wp-json\/wp\/v2\/types\/page"}],"author":[{"embeddable":true,"href":"https:\/\/sitesize.net\/aprendizajeautonomo\/wp-json\/wp\/v2\/users\/1"}],"replies":[{"embeddable":true,"href":"https:\/\/sitesize.net\/aprendizajeautonomo\/wp-json\/wp\/v2\/comments?post=93"}],"version-history":[{"count":7,"href":"https:\/\/sitesize.net\/aprendizajeautonomo\/wp-json\/wp\/v2\/pages\/93\/revisions"}],"predecessor-version":[{"id":612,"href":"https:\/\/sitesize.net\/aprendizajeautonomo\/wp-json\/wp\/v2\/pages\/93\/revisions\/612"}],"up":[{"embeddable":true,"href":"https:\/\/sitesize.net\/aprendizajeautonomo\/wp-json\/wp\/v2\/pages\/90"}],"wp:attachment":[{"href":"https:\/\/sitesize.net\/aprendizajeautonomo\/wp-json\/wp\/v2\/media?parent=93"}],"curies":[{"name":"wp","href":"https:\/\/api.w.org\/{rel}","templated":true}]}}