{"id":24,"date":"2017-01-03T19:07:00","date_gmt":"2017-01-03T17:07:00","guid":{"rendered":"https:\/\/sitesize.net\/lac\/?page_id=24"},"modified":"2021-05-04T00:04:15","modified_gmt":"2021-05-03T22:04:15","slug":"radio-cava-ret","status":"publish","type":"page","link":"https:\/\/sitesize.net\/lac\/radio-cava-ret\/","title":{"rendered":"RADIO CAVA-RET"},"content":{"rendered":"\n<p>Las Radiomani\u00e0ques atraviesan el Paral\u00b7lel para poner su voz y su cuerpo en Las Ramblas. Bajo las enaguas de La Virreina abren un consultorio clandestino para todo aqu\u00e9l que quiera escribir a la Se\u00f1orita Benjamin y ser correspondido.<\/p>\n\n\n\n<p>Escribe una consulta amorosa o er\u00f3tica en palabras o sonidos y env\u00edala a radiocavaret@gmail.com. Podr\u00e1s ser parte de alguno de los cuatro programas de nuestra serie en el LAC.<\/p>\n\n\n\n<p>Radio Cava-ret es un programa radial de creaci\u00f3 col\u00b7lectiva en di\u00e0leg amb la comunitat.<\/p>\n\n\n\n<p>Es un proyecto de radio\/performance, una experiencia coreogr\u00e1fica que mezcla en tiempo real sonidos, textos, im\u00e1genes, y cuerpos en movimiento. Trabajamos en un espacio y tiempo que llamamos \u201cLa Radia\u201d: una noci\u00f3n expandida de la radio que experimenta con dispositivos art\u00edsticos y narrativos sobre el fen\u00f3meno de la escucha y de la voz asociadas al cuerpo. Los programas son creados con el formato radiof\u00f3nico de \u201cfalso directo\u201d. Esto significa que, aunque no se trata de una emisi\u00f3n en sentido estricto (puesto que no se transmite ni por radio ni por streaming), se realizan y registran con la presencia de un p\u00fablico.<br><br>Idea original i direcci\u00f3: Violeta Ospina \/ Realitzaci\u00f3: Mireia Cucala, Rebeca Mesas, Isabella Franceschi i Samuel C\u00e9spedes \/ Asistencia sonora: Daniel Authier\/ Voz: Neus P\u00e9rez\/ Agra\u00efments: David Bachiller, Radioactius Poble Sec i Associaci\u00f3 Jam Circus.<\/p>\n","protected":false},"excerpt":{"rendered":"<p>Las Radiomani\u00e0ques atraviesan el Paral\u00b7lel para poner su voz y su cuerpo en Las Ramblas. Bajo las enaguas de La&#8230;<\/p>\n","protected":false},"author":2,"featured_media":49,"parent":0,"menu_order":0,"comment_status":"closed","ping_status":"closed","template":"","meta":{"footnotes":""},"class_list":["post-24","page","type-page","status-publish","has-post-thumbnail","hentry"],"yoast_head":"<!-- This site is optimized with the Yoast SEO plugin v27.1.1 - https:\/\/yoast.com\/product\/yoast-seo-wordpress\/ -->\n<title>RADIO CAVA-RET - Laboratori d&#039;Aprenentatge Comunitari<\/title>\n<meta name=\"robots\" content=\"index, follow, max-snippet:-1, max-image-preview:large, max-video-preview:-1\" \/>\n<link rel=\"canonical\" href=\"https:\/\/sitesize.net\/lac\/radio-cava-ret\/\" \/>\n<meta property=\"og:locale\" content=\"ca_ES\" \/>\n<meta property=\"og:type\" content=\"article\" \/>\n<meta property=\"og:title\" content=\"RADIO CAVA-RET - Laboratori d&#039;Aprenentatge Comunitari\" \/>\n<meta property=\"og:description\" content=\"Las Radiomani\u00e0ques atraviesan el Paral\u00b7lel para poner su voz y su cuerpo en Las Ramblas. Bajo las enaguas de La...\" \/>\n<meta property=\"og:url\" content=\"https:\/\/sitesize.net\/lac\/radio-cava-ret\/\" \/>\n<meta property=\"og:site_name\" content=\"Laboratori d&#039;Aprenentatge Comunitari\" \/>\n<meta property=\"article:modified_time\" content=\"2021-05-03T22:04:15+00:00\" \/>\n<meta property=\"og:image\" content=\"https:\/\/sitesize.net\/lac\/wp-content\/uploads\/sites\/17\/2021\/05\/vivers-radio-cava-ret-w-1.jpg\" \/>\n\t<meta property=\"og:image:width\" content=\"2126\" \/>\n\t<meta property=\"og:image:height\" content=\"1049\" \/>\n\t<meta property=\"og:image:type\" content=\"image\/jpeg\" \/>\n<meta name=\"twitter:card\" content=\"summary_large_image\" \/>\n<meta name=\"twitter:label1\" content=\"Est. reading time\" \/>\n\t<meta name=\"twitter:data1\" content=\"1 minut\" \/>\n<script type=\"application\/ld+json\" class=\"yoast-schema-graph\">{\"@context\":\"https:\/\/schema.org\",\"@graph\":[{\"@type\":\"WebPage\",\"@id\":\"https:\/\/sitesize.net\/lac\/radio-cava-ret\/\",\"url\":\"https:\/\/sitesize.net\/lac\/radio-cava-ret\/\",\"name\":\"RADIO CAVA-RET - Laboratori d&#039;Aprenentatge Comunitari\",\"isPartOf\":{\"@id\":\"https:\/\/sitesize.net\/lac\/#website\"},\"primaryImageOfPage\":{\"@id\":\"https:\/\/sitesize.net\/lac\/radio-cava-ret\/#primaryimage\"},\"image\":{\"@id\":\"https:\/\/sitesize.net\/lac\/radio-cava-ret\/#primaryimage\"},\"thumbnailUrl\":\"https:\/\/sitesize.net\/lac\/wp-content\/uploads\/sites\/17\/2021\/05\/vivers-radio-cava-ret-w-1.jpg\",\"datePublished\":\"2017-01-03T17:07:00+00:00\",\"dateModified\":\"2021-05-03T22:04:15+00:00\",\"breadcrumb\":{\"@id\":\"https:\/\/sitesize.net\/lac\/radio-cava-ret\/#breadcrumb\"},\"inLanguage\":\"ca\",\"potentialAction\":[{\"@type\":\"ReadAction\",\"target\":[\"https:\/\/sitesize.net\/lac\/radio-cava-ret\/\"]}]},{\"@type\":\"ImageObject\",\"inLanguage\":\"ca\",\"@id\":\"https:\/\/sitesize.net\/lac\/radio-cava-ret\/#primaryimage\",\"url\":\"https:\/\/sitesize.net\/lac\/wp-content\/uploads\/sites\/17\/2021\/05\/vivers-radio-cava-ret-w-1.jpg\",\"contentUrl\":\"https:\/\/sitesize.net\/lac\/wp-content\/uploads\/sites\/17\/2021\/05\/vivers-radio-cava-ret-w-1.jpg\",\"width\":2126,\"height\":1049},{\"@type\":\"BreadcrumbList\",\"@id\":\"https:\/\/sitesize.net\/lac\/radio-cava-ret\/#breadcrumb\",\"itemListElement\":[{\"@type\":\"ListItem\",\"position\":1,\"name\":\"Home\",\"item\":\"https:\/\/sitesize.net\/lac\/\"},{\"@type\":\"ListItem\",\"position\":2,\"name\":\"RADIO CAVA-RET\"}]},{\"@type\":\"WebSite\",\"@id\":\"https:\/\/sitesize.net\/lac\/#website\",\"url\":\"https:\/\/sitesize.net\/lac\/\",\"name\":\"Laboratori d&#039;Aprenentatge Comunitari\",\"description\":\"\",\"potentialAction\":[{\"@type\":\"SearchAction\",\"target\":{\"@type\":\"EntryPoint\",\"urlTemplate\":\"https:\/\/sitesize.net\/lac\/?s={search_term_string}\"},\"query-input\":{\"@type\":\"PropertyValueSpecification\",\"valueRequired\":true,\"valueName\":\"search_term_string\"}}],\"inLanguage\":\"ca\"}]}<\/script>\n<!-- \/ Yoast SEO plugin. -->","yoast_head_json":{"title":"RADIO CAVA-RET - Laboratori d&#039;Aprenentatge Comunitari","robots":{"index":"index","follow":"follow","max-snippet":"max-snippet:-1","max-image-preview":"max-image-preview:large","max-video-preview":"max-video-preview:-1"},"canonical":"https:\/\/sitesize.net\/lac\/radio-cava-ret\/","og_locale":"ca_ES","og_type":"article","og_title":"RADIO CAVA-RET - Laboratori d&#039;Aprenentatge Comunitari","og_description":"Las Radiomani\u00e0ques atraviesan el Paral\u00b7lel para poner su voz y su cuerpo en Las Ramblas. Bajo las enaguas de La...","og_url":"https:\/\/sitesize.net\/lac\/radio-cava-ret\/","og_site_name":"Laboratori d&#039;Aprenentatge Comunitari","article_modified_time":"2021-05-03T22:04:15+00:00","og_image":[{"width":2126,"height":1049,"url":"https:\/\/sitesize.net\/lac\/wp-content\/uploads\/sites\/17\/2021\/05\/vivers-radio-cava-ret-w-1.jpg","type":"image\/jpeg"}],"twitter_card":"summary_large_image","twitter_misc":{"Est. reading time":"1 minut"},"schema":{"@context":"https:\/\/schema.org","@graph":[{"@type":"WebPage","@id":"https:\/\/sitesize.net\/lac\/radio-cava-ret\/","url":"https:\/\/sitesize.net\/lac\/radio-cava-ret\/","name":"RADIO CAVA-RET - Laboratori d&#039;Aprenentatge Comunitari","isPartOf":{"@id":"https:\/\/sitesize.net\/lac\/#website"},"primaryImageOfPage":{"@id":"https:\/\/sitesize.net\/lac\/radio-cava-ret\/#primaryimage"},"image":{"@id":"https:\/\/sitesize.net\/lac\/radio-cava-ret\/#primaryimage"},"thumbnailUrl":"https:\/\/sitesize.net\/lac\/wp-content\/uploads\/sites\/17\/2021\/05\/vivers-radio-cava-ret-w-1.jpg","datePublished":"2017-01-03T17:07:00+00:00","dateModified":"2021-05-03T22:04:15+00:00","breadcrumb":{"@id":"https:\/\/sitesize.net\/lac\/radio-cava-ret\/#breadcrumb"},"inLanguage":"ca","potentialAction":[{"@type":"ReadAction","target":["https:\/\/sitesize.net\/lac\/radio-cava-ret\/"]}]},{"@type":"ImageObject","inLanguage":"ca","@id":"https:\/\/sitesize.net\/lac\/radio-cava-ret\/#primaryimage","url":"https:\/\/sitesize.net\/lac\/wp-content\/uploads\/sites\/17\/2021\/05\/vivers-radio-cava-ret-w-1.jpg","contentUrl":"https:\/\/sitesize.net\/lac\/wp-content\/uploads\/sites\/17\/2021\/05\/vivers-radio-cava-ret-w-1.jpg","width":2126,"height":1049},{"@type":"BreadcrumbList","@id":"https:\/\/sitesize.net\/lac\/radio-cava-ret\/#breadcrumb","itemListElement":[{"@type":"ListItem","position":1,"name":"Home","item":"https:\/\/sitesize.net\/lac\/"},{"@type":"ListItem","position":2,"name":"RADIO CAVA-RET"}]},{"@type":"WebSite","@id":"https:\/\/sitesize.net\/lac\/#website","url":"https:\/\/sitesize.net\/lac\/","name":"Laboratori d&#039;Aprenentatge Comunitari","description":"","potentialAction":[{"@type":"SearchAction","target":{"@type":"EntryPoint","urlTemplate":"https:\/\/sitesize.net\/lac\/?s={search_term_string}"},"query-input":{"@type":"PropertyValueSpecification","valueRequired":true,"valueName":"search_term_string"}}],"inLanguage":"ca"}]}},"_links":{"self":[{"href":"https:\/\/sitesize.net\/lac\/wp-json\/wp\/v2\/pages\/24","targetHints":{"allow":["GET"]}}],"collection":[{"href":"https:\/\/sitesize.net\/lac\/wp-json\/wp\/v2\/pages"}],"about":[{"href":"https:\/\/sitesize.net\/lac\/wp-json\/wp\/v2\/types\/page"}],"author":[{"embeddable":true,"href":"https:\/\/sitesize.net\/lac\/wp-json\/wp\/v2\/users\/2"}],"replies":[{"embeddable":true,"href":"https:\/\/sitesize.net\/lac\/wp-json\/wp\/v2\/comments?post=24"}],"version-history":[{"count":1,"href":"https:\/\/sitesize.net\/lac\/wp-json\/wp\/v2\/pages\/24\/revisions"}],"predecessor-version":[{"id":25,"href":"https:\/\/sitesize.net\/lac\/wp-json\/wp\/v2\/pages\/24\/revisions\/25"}],"wp:featuredmedia":[{"embeddable":true,"href":"https:\/\/sitesize.net\/lac\/wp-json\/wp\/v2\/media\/49"}],"wp:attachment":[{"href":"https:\/\/sitesize.net\/lac\/wp-json\/wp\/v2\/media?parent=24"}],"curies":[{"name":"wp","href":"https:\/\/api.w.org\/{rel}","templated":true}]}}

<p>Las Radiomaniàques atraviesan el Paral·lel para poner su voz y su cuerpo en Las Ramblas. Bajo las enaguas de La Virreina abren un consultorio clandestino para todo aquél que quiera escribir a la Señorita Benjamin y ser correspondido.</p>



<p>Escribe una consulta amorosa o erótica en palabras o sonidos y envíala a radiocavaret@gmail.com. Podrás ser parte de alguno de los cuatro programas de nuestra serie en el LAC.</p>



<p>Radio Cava-ret es un programa radial de creació col·lectiva en diàleg amb la comunitat.</p>



<p>Es un proyecto de radio/performance, una experiencia coreográfica que mezcla en tiempo real sonidos, textos, imágenes, y cuerpos en movimiento. Trabajamos en un espacio y tiempo que llamamos “La Radia”: una noción expandida de la radio que experimenta con dispositivos artísticos y narrativos sobre el fenómeno de la escucha y de la voz asociadas al cuerpo. Los programas son creados con el formato radiofónico de “falso directo”. Esto significa que, aunque no se trata de una emisión en sentido estricto (puesto que no se transmite ni por radio ni por streaming), se realizan y registran con la presencia de un público.<br><br>Idea original i direcció: Violeta Ospina / Realització: Mireia Cucala, Rebeca Mesas, Isabella Franceschi i Samuel Céspedes / Asistencia sonora: Daniel Authier/ Voz: Neus Pérez/ Agraïments: David Bachiller, Radioactius Poble Sec i Associació Jam Circus.</p>

<p>Las Radiomaniàques atraviesan el Paral·lel para poner su voz y su cuerpo en Las Ramblas. Bajo las enaguas de La&#8230;</p>

<!-- This site is optimized with the Yoast SEO plugin v27.1.1 - https://yoast.com/product/yoast-seo-wordpress/ -->
<title>RADIO CAVA-RET - Laboratori d&#039;Aprenentatge Comunitari</title>
<meta name="robots" content="index, follow, max-snippet:-1, max-image-preview:large, max-video-preview:-1" />
<link rel="canonical" href="https://sitesize.net/lac/radio-cava-ret/" />
<meta property="og:locale" content="ca_ES" />
<meta property="og:type" content="article" />
<meta property="og:title" content="RADIO CAVA-RET - Laboratori d&#039;Aprenentatge Comunitari" />
<meta property="og:description" content="Las Radiomaniàques atraviesan el Paral·lel para poner su voz y su cuerpo en Las Ramblas. Bajo las enaguas de La..." />
<meta property="og:url" content="https://sitesize.net/lac/radio-cava-ret/" />
<meta property="og:site_name" content="Laboratori d&#039;Aprenentatge Comunitari" />
<meta property="article:modified_time" content="2021-05-03T22:04:15+00:00" />
<meta property="og:image" content="https://sitesize.net/lac/wp-content/uploads/sites/17/2021/05/vivers-radio-cava-ret-w-1.jpg" />
	<meta property="og:image:width" content="2126" />
	<meta property="og:image:height" content="1049" />
	<meta property="og:image:type" content="image/jpeg" />
<meta name="twitter:card" content="summary_large_image" />
<meta name="twitter:label1" content="Est. reading time" />
	<meta name="twitter:data1" content="1 minut" />
<script type="application/ld+json" class="yoast-schema-graph">{"@context":"https://schema.org","@graph":[{"@type":"WebPage","@id":"https://sitesize.net/lac/radio-cava-ret/","url":"https://sitesize.net/lac/radio-cava-ret/","name":"RADIO CAVA-RET - Laboratori d&#039;Aprenentatge Comunitari","isPartOf":{"@id":"https://sitesize.net/lac/#website"},"primaryImageOfPage":{"@id":"https://sitesize.net/lac/radio-cava-ret/#primaryimage"},"image":{"@id":"https://sitesize.net/lac/radio-cava-ret/#primaryimage"},"thumbnailUrl":"https://sitesize.net/lac/wp-content/uploads/sites/17/2021/05/vivers-radio-cava-ret-w-1.jpg","datePublished":"2017-01-03T17:07:00+00:00","dateModified":"2021-05-03T22:04:15+00:00","breadcrumb":{"@id":"https://sitesize.net/lac/radio-cava-ret/#breadcrumb"},"inLanguage":"ca","potentialAction":[{"@type":"ReadAction","target":["https://sitesize.net/lac/radio-cava-ret/"]}]},{"@type":"ImageObject","inLanguage":"ca","@id":"https://sitesize.net/lac/radio-cava-ret/#primaryimage","url":"https://sitesize.net/lac/wp-content/uploads/sites/17/2021/05/vivers-radio-cava-ret-w-1.jpg","contentUrl":"https://sitesize.net/lac/wp-content/uploads/sites/17/2021/05/vivers-radio-cava-ret-w-1.jpg","width":2126,"height":1049},{"@type":"BreadcrumbList","@id":"https://sitesize.net/lac/radio-cava-ret/#breadcrumb","itemListElement":[{"@type":"ListItem","position":1,"name":"Home","item":"https://sitesize.net/lac/"},{"@type":"ListItem","position":2,"name":"RADIO CAVA-RET"}]},{"@type":"WebSite","@id":"https://sitesize.net/lac/#website","url":"https://sitesize.net/lac/","name":"Laboratori d&#039;Aprenentatge Comunitari","description":"","potentialAction":[{"@type":"SearchAction","target":{"@type":"EntryPoint","urlTemplate":"https://sitesize.net/lac/?s={search_term_string}"},"query-input":{"@type":"PropertyValueSpecification","valueRequired":true,"valueName":"search_term_string"}}],"inLanguage":"ca"}]}</script>
<!-- / Yoast SEO plugin. -->

Las Radiomaniàques atraviesan el Paral·lel para poner su voz y su cuerpo en Las Ramblas. Bajo las enaguas de La...
