{"id":28,"date":"2017-01-03T19:08:00","date_gmt":"2017-01-03T17:08:00","guid":{"rendered":"https:\/\/sitesize.net\/lac\/?page_id=28"},"modified":"2021-05-03T23:09:09","modified_gmt":"2021-05-03T21:09:09","slug":"tallers","status":"publish","type":"page","link":"https:\/\/sitesize.net\/lac\/tallers\/","title":{"rendered":"Tallers"},"content":{"rendered":"\n<p>L&#8217;activitat p\u00fablica que realitza el LAC pren en el format de taller una dimensi\u00f3 com a pr\u00e0ctica de treball i aprenentatge col\u00b7lectiu.<\/p>\n\n\n\n<p>Els tallers desenvolupats parteixen en la seva concepci\u00f3 i elaboraci\u00f3 d&#8217;un treball col\u00b7lectiu. Tanmateix el processament de les seves conclusions tamb\u00e9 forma part d&#8217;un proc\u00e9s d&#8217;aprenentatge compartit. Segons la seva naturalesa els diferents tallers comptaran amb convidats espec\u00edfics, facilitadors i persones valuoses pel recorregut proposat. La nostra intenci\u00f3 \u00e9s desplegar cada taller com a possibilitat i desbordament d&#8217;aprenentatge.<\/p>\n\n\n\n<p>El primer taller del 2017 es proposa entorn <strong>la Reciprocitat,<\/strong> com un dels principis \u00e8tics que defineixen el LAC, i t\u00e9 l&#8217;objectiu de prefigurar la posada en marxa del Laboratori.<\/p>\n","protected":false},"excerpt":{"rendered":"<p>L&#8217;activitat p\u00fablica que realitza el LAC pren en el format de taller una dimensi\u00f3 com a pr\u00e0ctica de treball i&#8230;<\/p>\n","protected":false},"author":2,"featured_media":0,"parent":0,"menu_order":0,"comment_status":"closed","ping_status":"closed","template":"","meta":{"footnotes":""},"class_list":["post-28","page","type-page","status-publish","hentry"],"yoast_head":"<!-- This site is optimized with the Yoast SEO plugin v27.1.1 - https:\/\/yoast.com\/product\/yoast-seo-wordpress\/ -->\n<title>Tallers - Laboratori d&#039;Aprenentatge Comunitari<\/title>\n<meta name=\"robots\" content=\"index, follow, max-snippet:-1, max-image-preview:large, max-video-preview:-1\" \/>\n<link rel=\"canonical\" href=\"https:\/\/sitesize.net\/lac\/tallers\/\" \/>\n<meta property=\"og:locale\" content=\"ca_ES\" \/>\n<meta property=\"og:type\" content=\"article\" \/>\n<meta property=\"og:title\" content=\"Tallers - Laboratori d&#039;Aprenentatge Comunitari\" \/>\n<meta property=\"og:description\" content=\"L&#8217;activitat p\u00fablica que realitza el LAC pren en el format de taller una dimensi\u00f3 com a pr\u00e0ctica de treball i...\" \/>\n<meta property=\"og:url\" content=\"https:\/\/sitesize.net\/lac\/tallers\/\" \/>\n<meta property=\"og:site_name\" content=\"Laboratori d&#039;Aprenentatge Comunitari\" \/>\n<meta property=\"article:modified_time\" content=\"2021-05-03T21:09:09+00:00\" \/>\n<meta name=\"twitter:card\" content=\"summary_large_image\" \/>\n<meta name=\"twitter:label1\" content=\"Est. reading time\" \/>\n\t<meta name=\"twitter:data1\" content=\"1 minut\" \/>\n<script type=\"application\/ld+json\" class=\"yoast-schema-graph\">{\"@context\":\"https:\/\/schema.org\",\"@graph\":[{\"@type\":\"WebPage\",\"@id\":\"https:\/\/sitesize.net\/lac\/tallers\/\",\"url\":\"https:\/\/sitesize.net\/lac\/tallers\/\",\"name\":\"Tallers - Laboratori d&#039;Aprenentatge Comunitari\",\"isPartOf\":{\"@id\":\"https:\/\/sitesize.net\/lac\/#website\"},\"datePublished\":\"2017-01-03T17:08:00+00:00\",\"dateModified\":\"2021-05-03T21:09:09+00:00\",\"breadcrumb\":{\"@id\":\"https:\/\/sitesize.net\/lac\/tallers\/#breadcrumb\"},\"inLanguage\":\"ca\",\"potentialAction\":[{\"@type\":\"ReadAction\",\"target\":[\"https:\/\/sitesize.net\/lac\/tallers\/\"]}]},{\"@type\":\"BreadcrumbList\",\"@id\":\"https:\/\/sitesize.net\/lac\/tallers\/#breadcrumb\",\"itemListElement\":[{\"@type\":\"ListItem\",\"position\":1,\"name\":\"Home\",\"item\":\"https:\/\/sitesize.net\/lac\/\"},{\"@type\":\"ListItem\",\"position\":2,\"name\":\"Tallers\"}]},{\"@type\":\"WebSite\",\"@id\":\"https:\/\/sitesize.net\/lac\/#website\",\"url\":\"https:\/\/sitesize.net\/lac\/\",\"name\":\"Laboratori d&#039;Aprenentatge Comunitari\",\"description\":\"\",\"potentialAction\":[{\"@type\":\"SearchAction\",\"target\":{\"@type\":\"EntryPoint\",\"urlTemplate\":\"https:\/\/sitesize.net\/lac\/?s={search_term_string}\"},\"query-input\":{\"@type\":\"PropertyValueSpecification\",\"valueRequired\":true,\"valueName\":\"search_term_string\"}}],\"inLanguage\":\"ca\"}]}<\/script>\n<!-- \/ Yoast SEO plugin. -->","yoast_head_json":{"title":"Tallers - Laboratori d&#039;Aprenentatge Comunitari","robots":{"index":"index","follow":"follow","max-snippet":"max-snippet:-1","max-image-preview":"max-image-preview:large","max-video-preview":"max-video-preview:-1"},"canonical":"https:\/\/sitesize.net\/lac\/tallers\/","og_locale":"ca_ES","og_type":"article","og_title":"Tallers - Laboratori d&#039;Aprenentatge Comunitari","og_description":"L&#8217;activitat p\u00fablica que realitza el LAC pren en el format de taller una dimensi\u00f3 com a pr\u00e0ctica de treball i...","og_url":"https:\/\/sitesize.net\/lac\/tallers\/","og_site_name":"Laboratori d&#039;Aprenentatge Comunitari","article_modified_time":"2021-05-03T21:09:09+00:00","twitter_card":"summary_large_image","twitter_misc":{"Est. reading time":"1 minut"},"schema":{"@context":"https:\/\/schema.org","@graph":[{"@type":"WebPage","@id":"https:\/\/sitesize.net\/lac\/tallers\/","url":"https:\/\/sitesize.net\/lac\/tallers\/","name":"Tallers - Laboratori d&#039;Aprenentatge Comunitari","isPartOf":{"@id":"https:\/\/sitesize.net\/lac\/#website"},"datePublished":"2017-01-03T17:08:00+00:00","dateModified":"2021-05-03T21:09:09+00:00","breadcrumb":{"@id":"https:\/\/sitesize.net\/lac\/tallers\/#breadcrumb"},"inLanguage":"ca","potentialAction":[{"@type":"ReadAction","target":["https:\/\/sitesize.net\/lac\/tallers\/"]}]},{"@type":"BreadcrumbList","@id":"https:\/\/sitesize.net\/lac\/tallers\/#breadcrumb","itemListElement":[{"@type":"ListItem","position":1,"name":"Home","item":"https:\/\/sitesize.net\/lac\/"},{"@type":"ListItem","position":2,"name":"Tallers"}]},{"@type":"WebSite","@id":"https:\/\/sitesize.net\/lac\/#website","url":"https:\/\/sitesize.net\/lac\/","name":"Laboratori d&#039;Aprenentatge Comunitari","description":"","potentialAction":[{"@type":"SearchAction","target":{"@type":"EntryPoint","urlTemplate":"https:\/\/sitesize.net\/lac\/?s={search_term_string}"},"query-input":{"@type":"PropertyValueSpecification","valueRequired":true,"valueName":"search_term_string"}}],"inLanguage":"ca"}]}},"_links":{"self":[{"href":"https:\/\/sitesize.net\/lac\/wp-json\/wp\/v2\/pages\/28","targetHints":{"allow":["GET"]}}],"collection":[{"href":"https:\/\/sitesize.net\/lac\/wp-json\/wp\/v2\/pages"}],"about":[{"href":"https:\/\/sitesize.net\/lac\/wp-json\/wp\/v2\/types\/page"}],"author":[{"embeddable":true,"href":"https:\/\/sitesize.net\/lac\/wp-json\/wp\/v2\/users\/2"}],"replies":[{"embeddable":true,"href":"https:\/\/sitesize.net\/lac\/wp-json\/wp\/v2\/comments?post=28"}],"version-history":[{"count":1,"href":"https:\/\/sitesize.net\/lac\/wp-json\/wp\/v2\/pages\/28\/revisions"}],"predecessor-version":[{"id":29,"href":"https:\/\/sitesize.net\/lac\/wp-json\/wp\/v2\/pages\/28\/revisions\/29"}],"wp:attachment":[{"href":"https:\/\/sitesize.net\/lac\/wp-json\/wp\/v2\/media?parent=28"}],"curies":[{"name":"wp","href":"https:\/\/api.w.org\/{rel}","templated":true}]}}

<p>L&#8217;activitat pública que realitza el LAC pren en el format de taller una dimensió com a pràctica de treball i aprenentatge col·lectiu.</p>



<p>Els tallers desenvolupats parteixen en la seva concepció i elaboració d&#8217;un treball col·lectiu. Tanmateix el processament de les seves conclusions també forma part d&#8217;un procés d&#8217;aprenentatge compartit. Segons la seva naturalesa els diferents tallers comptaran amb convidats específics, facilitadors i persones valuoses pel recorregut proposat. La nostra intenció és desplegar cada taller com a possibilitat i desbordament d&#8217;aprenentatge.</p>



<p>El primer taller del 2017 es proposa entorn <strong>la Reciprocitat,</strong> com un dels principis ètics que defineixen el LAC, i té l&#8217;objectiu de prefigurar la posada en marxa del Laboratori.</p>

<p>L&#8217;activitat pública que realitza el LAC pren en el format de taller una dimensió com a pràctica de treball i&#8230;</p>

<!-- This site is optimized with the Yoast SEO plugin v27.1.1 - https://yoast.com/product/yoast-seo-wordpress/ -->
<title>Tallers - Laboratori d&#039;Aprenentatge Comunitari</title>
<meta name="robots" content="index, follow, max-snippet:-1, max-image-preview:large, max-video-preview:-1" />
<link rel="canonical" href="https://sitesize.net/lac/tallers/" />
<meta property="og:locale" content="ca_ES" />
<meta property="og:type" content="article" />
<meta property="og:title" content="Tallers - Laboratori d&#039;Aprenentatge Comunitari" />
<meta property="og:description" content="L&#8217;activitat pública que realitza el LAC pren en el format de taller una dimensió com a pràctica de treball i..." />
<meta property="og:url" content="https://sitesize.net/lac/tallers/" />
<meta property="og:site_name" content="Laboratori d&#039;Aprenentatge Comunitari" />
<meta property="article:modified_time" content="2021-05-03T21:09:09+00:00" />
<meta name="twitter:card" content="summary_large_image" />
<meta name="twitter:label1" content="Est. reading time" />
	<meta name="twitter:data1" content="1 minut" />
<script type="application/ld+json" class="yoast-schema-graph">{"@context":"https://schema.org","@graph":[{"@type":"WebPage","@id":"https://sitesize.net/lac/tallers/","url":"https://sitesize.net/lac/tallers/","name":"Tallers - Laboratori d&#039;Aprenentatge Comunitari","isPartOf":{"@id":"https://sitesize.net/lac/#website"},"datePublished":"2017-01-03T17:08:00+00:00","dateModified":"2021-05-03T21:09:09+00:00","breadcrumb":{"@id":"https://sitesize.net/lac/tallers/#breadcrumb"},"inLanguage":"ca","potentialAction":[{"@type":"ReadAction","target":["https://sitesize.net/lac/tallers/"]}]},{"@type":"BreadcrumbList","@id":"https://sitesize.net/lac/tallers/#breadcrumb","itemListElement":[{"@type":"ListItem","position":1,"name":"Home","item":"https://sitesize.net/lac/"},{"@type":"ListItem","position":2,"name":"Tallers"}]},{"@type":"WebSite","@id":"https://sitesize.net/lac/#website","url":"https://sitesize.net/lac/","name":"Laboratori d&#039;Aprenentatge Comunitari","description":"","potentialAction":[{"@type":"SearchAction","target":{"@type":"EntryPoint","urlTemplate":"https://sitesize.net/lac/?s={search_term_string}"},"query-input":{"@type":"PropertyValueSpecification","valueRequired":true,"valueName":"search_term_string"}}],"inLanguage":"ca"}]}</script>
<!-- / Yoast SEO plugin. -->

L&#8217;activitat pública que realitza el LAC pren en el format de taller una dimensió com a pràctica de treball i...
