{"id":50,"date":"2017-03-03T19:51:00","date_gmt":"2017-03-03T17:51:00","guid":{"rendered":"https:\/\/sitesize.net\/lac\/?page_id=50"},"modified":"2021-05-03T23:53:27","modified_gmt":"2021-05-03T21:53:27","slug":"video-presentacio-publica-art-espiritual-andi","status":"publish","type":"page","link":"https:\/\/sitesize.net\/lac\/video-presentacio-publica-art-espiritual-andi\/","title":{"rendered":"Video presentaci\u00f3 p\u00fablica: Art espiritual and\u00ed"},"content":{"rendered":"\n\n\n<p>El passat dimarts vem tenim el plaer d&#8217;escoltar als mestres andins Juan i Iv\u00e1n Nu\u00f1ez del Prado. La sessi\u00f3, emmarcada dins del Taller de reciprocitat del Laboratori d&#8217;Aprenentatge Comunitari, ens va aportar la base de la cosmovisi\u00f3 andina, l&#8217;acte de reciprocitat amb la vida a trav\u00e9s d\u2019oferir el millor de cadasc\u00fa als altres.<\/p>\n\n\n\n<p>Des del LAC donem les gr\u00e0cies als mestres Juan i Iv\u00e1n.<br>Gr\u00e0cies per la inspiraci\u00f3 i l&#8217;energia rebuda !<\/p>\n","protected":false},"excerpt":{"rendered":"<p>El passat dimarts vem tenim el plaer d&#8217;escoltar als mestres andins Juan i Iv\u00e1n Nu\u00f1ez del Prado. La sessi\u00f3, emmarcada&#8230;<\/p>\n","protected":false},"author":2,"featured_media":0,"parent":0,"menu_order":0,"comment_status":"closed","ping_status":"closed","template":"","meta":{"footnotes":""},"class_list":["post-50","page","type-page","status-publish","hentry"],"yoast_head":"<!-- This site is optimized with the Yoast SEO plugin v27.1.1 - https:\/\/yoast.com\/product\/yoast-seo-wordpress\/ -->\n<title>Video presentaci\u00f3 p\u00fablica: Art espiritual and\u00ed - Laboratori d&#039;Aprenentatge Comunitari<\/title>\n<meta name=\"robots\" content=\"index, follow, max-snippet:-1, max-image-preview:large, max-video-preview:-1\" \/>\n<link rel=\"canonical\" href=\"https:\/\/sitesize.net\/lac\/video-presentacio-publica-art-espiritual-andi\/\" \/>\n<meta property=\"og:locale\" content=\"ca_ES\" \/>\n<meta property=\"og:type\" content=\"article\" \/>\n<meta property=\"og:title\" content=\"Video presentaci\u00f3 p\u00fablica: Art espiritual and\u00ed - Laboratori d&#039;Aprenentatge Comunitari\" \/>\n<meta property=\"og:description\" content=\"El passat dimarts vem tenim el plaer d&#8217;escoltar als mestres andins Juan i Iv\u00e1n Nu\u00f1ez del Prado. La sessi\u00f3, emmarcada...\" \/>\n<meta property=\"og:url\" content=\"https:\/\/sitesize.net\/lac\/video-presentacio-publica-art-espiritual-andi\/\" \/>\n<meta property=\"og:site_name\" content=\"Laboratori d&#039;Aprenentatge Comunitari\" \/>\n<meta property=\"article:modified_time\" content=\"2021-05-03T21:53:27+00:00\" \/>\n<meta name=\"twitter:card\" content=\"summary_large_image\" \/>\n<script type=\"application\/ld+json\" class=\"yoast-schema-graph\">{\"@context\":\"https:\/\/schema.org\",\"@graph\":[{\"@type\":\"WebPage\",\"@id\":\"https:\/\/sitesize.net\/lac\/video-presentacio-publica-art-espiritual-andi\/\",\"url\":\"https:\/\/sitesize.net\/lac\/video-presentacio-publica-art-espiritual-andi\/\",\"name\":\"Video presentaci\u00f3 p\u00fablica: Art espiritual and\u00ed - Laboratori d&#039;Aprenentatge Comunitari\",\"isPartOf\":{\"@id\":\"https:\/\/sitesize.net\/lac\/#website\"},\"datePublished\":\"2017-03-03T17:51:00+00:00\",\"dateModified\":\"2021-05-03T21:53:27+00:00\",\"breadcrumb\":{\"@id\":\"https:\/\/sitesize.net\/lac\/video-presentacio-publica-art-espiritual-andi\/#breadcrumb\"},\"inLanguage\":\"ca\",\"potentialAction\":[{\"@type\":\"ReadAction\",\"target\":[\"https:\/\/sitesize.net\/lac\/video-presentacio-publica-art-espiritual-andi\/\"]}]},{\"@type\":\"BreadcrumbList\",\"@id\":\"https:\/\/sitesize.net\/lac\/video-presentacio-publica-art-espiritual-andi\/#breadcrumb\",\"itemListElement\":[{\"@type\":\"ListItem\",\"position\":1,\"name\":\"Home\",\"item\":\"https:\/\/sitesize.net\/lac\/\"},{\"@type\":\"ListItem\",\"position\":2,\"name\":\"Video presentaci\u00f3 p\u00fablica: Art espiritual and\u00ed\"}]},{\"@type\":\"WebSite\",\"@id\":\"https:\/\/sitesize.net\/lac\/#website\",\"url\":\"https:\/\/sitesize.net\/lac\/\",\"name\":\"Laboratori d&#039;Aprenentatge Comunitari\",\"description\":\"\",\"potentialAction\":[{\"@type\":\"SearchAction\",\"target\":{\"@type\":\"EntryPoint\",\"urlTemplate\":\"https:\/\/sitesize.net\/lac\/?s={search_term_string}\"},\"query-input\":{\"@type\":\"PropertyValueSpecification\",\"valueRequired\":true,\"valueName\":\"search_term_string\"}}],\"inLanguage\":\"ca\"}]}<\/script>\n<!-- \/ Yoast SEO plugin. -->","yoast_head_json":{"title":"Video presentaci\u00f3 p\u00fablica: Art espiritual and\u00ed - Laboratori d&#039;Aprenentatge Comunitari","robots":{"index":"index","follow":"follow","max-snippet":"max-snippet:-1","max-image-preview":"max-image-preview:large","max-video-preview":"max-video-preview:-1"},"canonical":"https:\/\/sitesize.net\/lac\/video-presentacio-publica-art-espiritual-andi\/","og_locale":"ca_ES","og_type":"article","og_title":"Video presentaci\u00f3 p\u00fablica: Art espiritual and\u00ed - Laboratori d&#039;Aprenentatge Comunitari","og_description":"El passat dimarts vem tenim el plaer d&#8217;escoltar als mestres andins Juan i Iv\u00e1n Nu\u00f1ez del Prado. La sessi\u00f3, emmarcada...","og_url":"https:\/\/sitesize.net\/lac\/video-presentacio-publica-art-espiritual-andi\/","og_site_name":"Laboratori d&#039;Aprenentatge Comunitari","article_modified_time":"2021-05-03T21:53:27+00:00","twitter_card":"summary_large_image","schema":{"@context":"https:\/\/schema.org","@graph":[{"@type":"WebPage","@id":"https:\/\/sitesize.net\/lac\/video-presentacio-publica-art-espiritual-andi\/","url":"https:\/\/sitesize.net\/lac\/video-presentacio-publica-art-espiritual-andi\/","name":"Video presentaci\u00f3 p\u00fablica: Art espiritual and\u00ed - Laboratori d&#039;Aprenentatge Comunitari","isPartOf":{"@id":"https:\/\/sitesize.net\/lac\/#website"},"datePublished":"2017-03-03T17:51:00+00:00","dateModified":"2021-05-03T21:53:27+00:00","breadcrumb":{"@id":"https:\/\/sitesize.net\/lac\/video-presentacio-publica-art-espiritual-andi\/#breadcrumb"},"inLanguage":"ca","potentialAction":[{"@type":"ReadAction","target":["https:\/\/sitesize.net\/lac\/video-presentacio-publica-art-espiritual-andi\/"]}]},{"@type":"BreadcrumbList","@id":"https:\/\/sitesize.net\/lac\/video-presentacio-publica-art-espiritual-andi\/#breadcrumb","itemListElement":[{"@type":"ListItem","position":1,"name":"Home","item":"https:\/\/sitesize.net\/lac\/"},{"@type":"ListItem","position":2,"name":"Video presentaci\u00f3 p\u00fablica: Art espiritual and\u00ed"}]},{"@type":"WebSite","@id":"https:\/\/sitesize.net\/lac\/#website","url":"https:\/\/sitesize.net\/lac\/","name":"Laboratori d&#039;Aprenentatge Comunitari","description":"","potentialAction":[{"@type":"SearchAction","target":{"@type":"EntryPoint","urlTemplate":"https:\/\/sitesize.net\/lac\/?s={search_term_string}"},"query-input":{"@type":"PropertyValueSpecification","valueRequired":true,"valueName":"search_term_string"}}],"inLanguage":"ca"}]}},"_links":{"self":[{"href":"https:\/\/sitesize.net\/lac\/wp-json\/wp\/v2\/pages\/50","targetHints":{"allow":["GET"]}}],"collection":[{"href":"https:\/\/sitesize.net\/lac\/wp-json\/wp\/v2\/pages"}],"about":[{"href":"https:\/\/sitesize.net\/lac\/wp-json\/wp\/v2\/types\/page"}],"author":[{"embeddable":true,"href":"https:\/\/sitesize.net\/lac\/wp-json\/wp\/v2\/users\/2"}],"replies":[{"embeddable":true,"href":"https:\/\/sitesize.net\/lac\/wp-json\/wp\/v2\/comments?post=50"}],"version-history":[{"count":3,"href":"https:\/\/sitesize.net\/lac\/wp-json\/wp\/v2\/pages\/50\/revisions"}],"predecessor-version":[{"id":54,"href":"https:\/\/sitesize.net\/lac\/wp-json\/wp\/v2\/pages\/50\/revisions\/54"}],"wp:attachment":[{"href":"https:\/\/sitesize.net\/lac\/wp-json\/wp\/v2\/media?parent=50"}],"curies":[{"name":"wp","href":"https:\/\/api.w.org\/{rel}","templated":true}]}}

Video presentació pública: Art espiritual andí

<p>El passat dimarts vem tenim el plaer d&#8217;escoltar als mestres andins Juan i Iván Nuñez del Prado. La sessió, emmarcada dins del Taller de reciprocitat del Laboratori d&#8217;Aprenentatge Comunitari, ens va aportar la base de la cosmovisió andina, l&#8217;acte de reciprocitat amb la vida a través d’oferir el millor de cadascú als altres.</p>



<p>Des del LAC donem les gràcies als mestres Juan i Iván.<br>Gràcies per la inspiració i l&#8217;energia rebuda !</p>

<p>El passat dimarts vem tenim el plaer d&#8217;escoltar als mestres andins Juan i Iván Nuñez del Prado. La sessió, emmarcada&#8230;</p>

<!-- This site is optimized with the Yoast SEO plugin v27.1.1 - https://yoast.com/product/yoast-seo-wordpress/ -->
<title>Video presentació pública: Art espiritual andí - Laboratori d&#039;Aprenentatge Comunitari</title>
<meta name="robots" content="index, follow, max-snippet:-1, max-image-preview:large, max-video-preview:-1" />
<link rel="canonical" href="https://sitesize.net/lac/video-presentacio-publica-art-espiritual-andi/" />
<meta property="og:locale" content="ca_ES" />
<meta property="og:type" content="article" />
<meta property="og:title" content="Video presentació pública: Art espiritual andí - Laboratori d&#039;Aprenentatge Comunitari" />
<meta property="og:description" content="El passat dimarts vem tenim el plaer d&#8217;escoltar als mestres andins Juan i Iván Nuñez del Prado. La sessió, emmarcada..." />
<meta property="og:url" content="https://sitesize.net/lac/video-presentacio-publica-art-espiritual-andi/" />
<meta property="og:site_name" content="Laboratori d&#039;Aprenentatge Comunitari" />
<meta property="article:modified_time" content="2021-05-03T21:53:27+00:00" />
<meta name="twitter:card" content="summary_large_image" />
<script type="application/ld+json" class="yoast-schema-graph">{"@context":"https://schema.org","@graph":[{"@type":"WebPage","@id":"https://sitesize.net/lac/video-presentacio-publica-art-espiritual-andi/","url":"https://sitesize.net/lac/video-presentacio-publica-art-espiritual-andi/","name":"Video presentació pública: Art espiritual andí - Laboratori d&#039;Aprenentatge Comunitari","isPartOf":{"@id":"https://sitesize.net/lac/#website"},"datePublished":"2017-03-03T17:51:00+00:00","dateModified":"2021-05-03T21:53:27+00:00","breadcrumb":{"@id":"https://sitesize.net/lac/video-presentacio-publica-art-espiritual-andi/#breadcrumb"},"inLanguage":"ca","potentialAction":[{"@type":"ReadAction","target":["https://sitesize.net/lac/video-presentacio-publica-art-espiritual-andi/"]}]},{"@type":"BreadcrumbList","@id":"https://sitesize.net/lac/video-presentacio-publica-art-espiritual-andi/#breadcrumb","itemListElement":[{"@type":"ListItem","position":1,"name":"Home","item":"https://sitesize.net/lac/"},{"@type":"ListItem","position":2,"name":"Video presentació pública: Art espiritual andí"}]},{"@type":"WebSite","@id":"https://sitesize.net/lac/#website","url":"https://sitesize.net/lac/","name":"Laboratori d&#039;Aprenentatge Comunitari","description":"","potentialAction":[{"@type":"SearchAction","target":{"@type":"EntryPoint","urlTemplate":"https://sitesize.net/lac/?s={search_term_string}"},"query-input":{"@type":"PropertyValueSpecification","valueRequired":true,"valueName":"search_term_string"}}],"inLanguage":"ca"}]}</script>
<!-- / Yoast SEO plugin. -->

Video presentació pública: Art espiritual andí - Laboratori d&#039;Aprenentatge Comunitari

El passat dimarts vem tenim el plaer d&#8217;escoltar als mestres andins Juan i Iván Nuñez del Prado. La sessió, emmarcada...
