{"id":69,"date":"2018-12-03T20:04:00","date_gmt":"2018-12-03T18:04:00","guid":{"rendered":"https:\/\/sitesize.net\/lac\/?page_id=69"},"modified":"2021-05-04T00:22:51","modified_gmt":"2021-05-03T22:22:51","slug":"correspondencies","status":"publish","type":"page","link":"https:\/\/sitesize.net\/lac\/correspondencies\/","title":{"rendered":"Correspond\u00e8ncies"},"content":{"rendered":"\n<p>A inicis de 2018 el LAC va posar en marxa la pr\u00e0ctica creativa de les Correspond\u00e8ncies. A trav\u00e9s d&#8217;elles, propos\u00e0vem un exercici personal entre les persones que havien participat de les diferents din\u00e0miques del Laboratori a La Virreina. Amb la intenci\u00f3 de generar un intercanvi cr\u00edtic amb el recorregut viscut, es van elaborar documents visuals de curta durada i de factura lliure. Aquestes aportacions es van treballar en una trobada presencial dissenyada col\u00b7lectivament, per a generar unes conclusions compartides per a tot el grup. Va ser la trobada <strong>&#8220;Di\u00e0leg i premonicions del treball comunitari. Un oracle en viu&#8221;<\/strong>.<br><\/p>\n\n\n\n<p>Correspond\u00e8ncies:<br>(Veure els v\u00eddeos a vimeo <a href=\"https:\/\/vimeo.com\/album\/5616855\">https:\/\/vimeo.com\/album\/5616855<\/a>)<br><br><br>La radia.<br>R\u00e0dio Cava-ret (Violeta Ospina, Mireia Cucala, Isabella Franceschi i Samuel C\u00e9spedes)<\/p>\n\n\n\n<figure class=\"wp-block-image size-large\"><img loading=\"lazy\" decoding=\"async\" width=\"640\" height=\"390\" src=\"https:\/\/sitesize.net\/lac\/wp-content\/uploads\/sites\/17\/2021\/05\/303269371.jpg\" alt=\"\" class=\"wp-image-57\" srcset=\"https:\/\/sitesize.net\/lac\/wp-content\/uploads\/sites\/17\/2021\/05\/303269371.jpg 640w, https:\/\/sitesize.net\/lac\/wp-content\/uploads\/sites\/17\/2021\/05\/303269371-300x183.jpg 300w\" sizes=\"auto, (max-width: 640px) 100vw, 640px\" \/><\/figure>\n\n\n\n<p>La instituci\u00f3n<br>Max Azemar<\/p>\n\n\n\n<figure class=\"wp-block-image size-large\"><img loading=\"lazy\" decoding=\"async\" width=\"640\" height=\"390\" src=\"https:\/\/sitesize.net\/lac\/wp-content\/uploads\/sites\/17\/2021\/05\/303309338.jpg\" alt=\"\" class=\"wp-image-58\" srcset=\"https:\/\/sitesize.net\/lac\/wp-content\/uploads\/sites\/17\/2021\/05\/303309338.jpg 640w, https:\/\/sitesize.net\/lac\/wp-content\/uploads\/sites\/17\/2021\/05\/303309338-300x183.jpg 300w\" sizes=\"auto, (max-width: 640px) 100vw, 640px\" \/><\/figure>\n\n\n\n<p>De mano en mano y de pies en pies.<br>Sofia Lans<\/p>\n\n\n\n<figure class=\"wp-block-image size-large\"><img loading=\"lazy\" decoding=\"async\" width=\"640\" height=\"390\" src=\"https:\/\/sitesize.net\/lac\/wp-content\/uploads\/sites\/17\/2021\/05\/300991673.jpg\" alt=\"\" class=\"wp-image-59\" srcset=\"https:\/\/sitesize.net\/lac\/wp-content\/uploads\/sites\/17\/2021\/05\/300991673.jpg 640w, https:\/\/sitesize.net\/lac\/wp-content\/uploads\/sites\/17\/2021\/05\/300991673-300x183.jpg 300w\" sizes=\"auto, (max-width: 640px) 100vw, 640px\" \/><\/figure>\n\n\n\n<p>Llums i ombres.<br>Fina Sensada<\/p>\n\n\n\n<figure class=\"wp-block-image size-large\"><img loading=\"lazy\" decoding=\"async\" width=\"640\" height=\"390\" src=\"https:\/\/sitesize.net\/lac\/wp-content\/uploads\/sites\/17\/2021\/05\/301001817.jpg\" alt=\"\" class=\"wp-image-60\" srcset=\"https:\/\/sitesize.net\/lac\/wp-content\/uploads\/sites\/17\/2021\/05\/301001817.jpg 640w, https:\/\/sitesize.net\/lac\/wp-content\/uploads\/sites\/17\/2021\/05\/301001817-300x183.jpg 300w\" sizes=\"auto, (max-width: 640px) 100vw, 640px\" \/><\/figure>\n\n\n\n<p>Teleidosc\u00f2pic<br>Karel Mena &#8211; Lukasz Masewicz<\/p>\n\n\n\n<figure class=\"wp-block-image size-large\"><img loading=\"lazy\" decoding=\"async\" width=\"640\" height=\"390\" src=\"https:\/\/sitesize.net\/lac\/wp-content\/uploads\/sites\/17\/2021\/05\/300984360.jpg\" alt=\"\" class=\"wp-image-61\" srcset=\"https:\/\/sitesize.net\/lac\/wp-content\/uploads\/sites\/17\/2021\/05\/300984360.jpg 640w, https:\/\/sitesize.net\/lac\/wp-content\/uploads\/sites\/17\/2021\/05\/300984360-300x183.jpg 300w\" sizes=\"auto, (max-width: 640px) 100vw, 640px\" \/><\/figure>\n\n\n\n<p>M\u00e0teria subtil<br>Joan Vila Puig<\/p>\n\n\n\n<figure class=\"wp-block-image size-large\"><img loading=\"lazy\" decoding=\"async\" width=\"640\" height=\"390\" src=\"https:\/\/sitesize.net\/lac\/wp-content\/uploads\/sites\/17\/2021\/05\/300966477.jpg\" alt=\"\" class=\"wp-image-62\" srcset=\"https:\/\/sitesize.net\/lac\/wp-content\/uploads\/sites\/17\/2021\/05\/300966477.jpg 640w, https:\/\/sitesize.net\/lac\/wp-content\/uploads\/sites\/17\/2021\/05\/300966477-300x183.jpg 300w\" sizes=\"auto, (max-width: 640px) 100vw, 640px\" \/><\/figure>\n\n\n\n<p>Ecotopia<br>Eny L\u00f3pez<\/p>\n\n\n\n<figure class=\"wp-block-image size-large\"><img loading=\"lazy\" decoding=\"async\" width=\"640\" height=\"390\" src=\"https:\/\/sitesize.net\/lac\/wp-content\/uploads\/sites\/17\/2021\/05\/299860460.jpg\" alt=\"\" class=\"wp-image-63\" srcset=\"https:\/\/sitesize.net\/lac\/wp-content\/uploads\/sites\/17\/2021\/05\/299860460.jpg 640w, https:\/\/sitesize.net\/lac\/wp-content\/uploads\/sites\/17\/2021\/05\/299860460-300x183.jpg 300w\" sizes=\"auto, (max-width: 640px) 100vw, 640px\" \/><\/figure>\n\n\n\n<p>Trabajo comunitario<br>Elena \u00c1lvarez-Ossorio Bas<\/p>\n\n\n\n<figure class=\"wp-block-image size-large\"><img loading=\"lazy\" decoding=\"async\" width=\"797\" height=\"506\" src=\"https:\/\/sitesize.net\/lac\/wp-content\/uploads\/sites\/17\/2021\/05\/comunitat.jpg\" alt=\"\" class=\"wp-image-64\" srcset=\"https:\/\/sitesize.net\/lac\/wp-content\/uploads\/sites\/17\/2021\/05\/comunitat.jpg 797w, https:\/\/sitesize.net\/lac\/wp-content\/uploads\/sites\/17\/2021\/05\/comunitat-300x190.jpg 300w, https:\/\/sitesize.net\/lac\/wp-content\/uploads\/sites\/17\/2021\/05\/comunitat-768x488.jpg 768w\" sizes=\"auto, (max-width: 797px) 100vw, 797px\" \/><\/figure>\n\n\n\n<p>Aigua<br>Elvira Pujol Masip<\/p>\n\n\n\n<figure class=\"wp-block-image size-large\"><img loading=\"lazy\" decoding=\"async\" width=\"640\" height=\"390\" src=\"https:\/\/sitesize.net\/lac\/wp-content\/uploads\/sites\/17\/2021\/05\/278178785.jpg\" alt=\"\" class=\"wp-image-65\" srcset=\"https:\/\/sitesize.net\/lac\/wp-content\/uploads\/sites\/17\/2021\/05\/278178785.jpg 640w, https:\/\/sitesize.net\/lac\/wp-content\/uploads\/sites\/17\/2021\/05\/278178785-300x183.jpg 300w\" sizes=\"auto, (max-width: 640px) 100vw, 640px\" \/><\/figure>\n\n\n\n<p>Resilencia<br>Daniel Tur\u00f3n<\/p>\n\n\n\n<figure class=\"wp-block-image size-large\"><img loading=\"lazy\" decoding=\"async\" width=\"240\" height=\"220\" src=\"https:\/\/sitesize.net\/lac\/wp-content\/uploads\/sites\/17\/2021\/05\/daniel_turon_correspondencias.jpg\" alt=\"\" class=\"wp-image-66\"\/><\/figure>\n\n\n\n<p>L.A.C.<br>Joan Carol<\/p>\n\n\n\n<figure class=\"wp-block-image size-large\"><img loading=\"lazy\" decoding=\"async\" width=\"1024\" height=\"487\" src=\"https:\/\/sitesize.net\/lac\/wp-content\/uploads\/sites\/17\/2021\/05\/joancarol-correspondenciesb.jpg\" alt=\"\" class=\"wp-image-67\" srcset=\"https:\/\/sitesize.net\/lac\/wp-content\/uploads\/sites\/17\/2021\/05\/joancarol-correspondenciesb.jpg 1024w, https:\/\/sitesize.net\/lac\/wp-content\/uploads\/sites\/17\/2021\/05\/joancarol-correspondenciesb-300x143.jpg 300w, https:\/\/sitesize.net\/lac\/wp-content\/uploads\/sites\/17\/2021\/05\/joancarol-correspondenciesb-768x365.jpg 768w\" sizes=\"auto, (max-width: 1024px) 100vw, 1024px\" \/><\/figure>\n\n\n\n<p>Fractales<br>Lu\u00eds Camargo<\/p>\n\n\n\n<figure class=\"wp-block-image size-large\"><img loading=\"lazy\" decoding=\"async\" width=\"640\" height=\"427\" src=\"https:\/\/sitesize.net\/lac\/wp-content\/uploads\/sites\/17\/2021\/05\/camargo-correspondencies-web.jpeg\" alt=\"\" class=\"wp-image-68\" srcset=\"https:\/\/sitesize.net\/lac\/wp-content\/uploads\/sites\/17\/2021\/05\/camargo-correspondencies-web.jpeg 640w, https:\/\/sitesize.net\/lac\/wp-content\/uploads\/sites\/17\/2021\/05\/camargo-correspondencies-web-300x200.jpeg 300w\" sizes=\"auto, (max-width: 640px) 100vw, 640px\" \/><\/figure>\n\n\n\n<p>Taller ecotopia<br>Anita Garc\u00eda<\/p>\n\n\n\n\n\n<p><\/p>\n\n\n\n<p><\/p>\n\n\n\n<p><\/p>\n\n\n\n<p><\/p>\n\n\n\n<p><\/p>\n\n\n\n<p>Cr\u00e8dits:<\/p>\n\n\n\n<p>Producci\u00f3:<br>Sitesize (Elvira Pujol Masip i Joan Vila Puig)<\/p>\n\n\n\n<p>Disseny de l&#8217;encontre:<br>Suversi\u00f3n (Lina L\u00f3pez Ortiz i Lina Calder\u00f3n), Mireia Cucala, Berta Ayuso Planas i Sitesize.<\/p>\n\n\n\n<p>Amb la participaci\u00f3 de:<br>Karel Mena, Lukasz Masewicz, Pere Llu\u00eds Pla Boix\u00f3, Daniel Tur\u00f3n, Suversi\u00f3n (Lina L\u00f3pez Ortiz i Lina Calder\u00f3n), Joan Carol, Eny L\u00f3pez, Xavier Santotomas Mena, Lu\u00eds Camargo, Max Azemar, Elena \u00c1lvarez-Ossorio Bas, R\u00e0dio Cava-ret (Violeta Ospina, Mireia Cucala, Isabella Franceschi i Samuel C\u00e9spedes), Fina Sensada, Elvira Pujol Masip, Anita Garc\u00eda, Joan Vila Puig i Sofia Lans.<\/p>\n\n\n\n<p>El v\u00eddeo&nbsp;<em>L&#8217;Oracle<\/em> \u00e9s recull d\u2019imatges enregistrades pel mateix grup<\/p>\n\n\n\n<p>Coordinaci\u00f3:<br>Sitesize<\/p>\n\n\n\n<p>Edici\u00f3 i post-producci\u00f3:<br>Fina Sensada<\/p>\n\n\n\n<p>M\u00fasica:<br>Alba Monart<\/p>\n\n\n\n<p>Mescla de so:Hamid E. Mart\u00edn<\/p>\n\n\n\n<p>Agra\u00efments:<br>Ra\u00fal M.Candela, Valent\u00edn Roma i l\u2019equip de La Virreina Centre de la Imatge.<\/p>\n\n\n\n<p>Laboratori d\u2019Aprenentatge Comunitari<br>amb la col\u00b7laboraci\u00f3 de La Virreina Centre de la Imatge<br>Barcelona, juliol de 2018<\/p>\n","protected":false},"excerpt":{"rendered":"<p>A inicis de 2018 el LAC va posar en marxa la pr\u00e0ctica creativa de les Correspond\u00e8ncies. A trav\u00e9s d&#8217;elles, propos\u00e0vem&#8230;<\/p>\n","protected":false},"author":2,"featured_media":0,"parent":0,"menu_order":0,"comment_status":"closed","ping_status":"closed","template":"","meta":{"footnotes":""},"class_list":["post-69","page","type-page","status-publish","hentry"],"yoast_head":"<!-- This site is optimized with the Yoast SEO plugin v27.1.1 - https:\/\/yoast.com\/product\/yoast-seo-wordpress\/ -->\n<title>Correspond\u00e8ncies - Laboratori d&#039;Aprenentatge Comunitari<\/title>\n<meta name=\"robots\" content=\"index, follow, max-snippet:-1, max-image-preview:large, max-video-preview:-1\" \/>\n<link rel=\"canonical\" href=\"https:\/\/sitesize.net\/lac\/correspondencies\/\" \/>\n<meta property=\"og:locale\" content=\"ca_ES\" \/>\n<meta property=\"og:type\" content=\"article\" \/>\n<meta property=\"og:title\" content=\"Correspond\u00e8ncies - Laboratori d&#039;Aprenentatge Comunitari\" \/>\n<meta property=\"og:description\" content=\"A inicis de 2018 el LAC va posar en marxa la pr\u00e0ctica creativa de les Correspond\u00e8ncies. A trav\u00e9s d&#8217;elles, propos\u00e0vem...\" \/>\n<meta property=\"og:url\" content=\"https:\/\/sitesize.net\/lac\/correspondencies\/\" \/>\n<meta property=\"og:site_name\" content=\"Laboratori d&#039;Aprenentatge Comunitari\" \/>\n<meta property=\"article:modified_time\" content=\"2021-05-03T22:22:51+00:00\" \/>\n<meta property=\"og:image\" content=\"https:\/\/sitesize.net\/lac\/wp-content\/uploads\/sites\/17\/2021\/05\/303269371.jpg\" \/>\n<meta name=\"twitter:card\" content=\"summary_large_image\" \/>\n<meta name=\"twitter:label1\" content=\"Est. reading time\" \/>\n\t<meta name=\"twitter:data1\" content=\"2 minuts\" \/>\n<script type=\"application\/ld+json\" class=\"yoast-schema-graph\">{\"@context\":\"https:\/\/schema.org\",\"@graph\":[{\"@type\":\"WebPage\",\"@id\":\"https:\/\/sitesize.net\/lac\/correspondencies\/\",\"url\":\"https:\/\/sitesize.net\/lac\/correspondencies\/\",\"name\":\"Correspond\u00e8ncies - Laboratori d&#039;Aprenentatge Comunitari\",\"isPartOf\":{\"@id\":\"https:\/\/sitesize.net\/lac\/#website\"},\"primaryImageOfPage\":{\"@id\":\"https:\/\/sitesize.net\/lac\/correspondencies\/#primaryimage\"},\"image\":{\"@id\":\"https:\/\/sitesize.net\/lac\/correspondencies\/#primaryimage\"},\"thumbnailUrl\":\"https:\/\/sitesize.net\/lac\/wp-content\/uploads\/sites\/17\/2021\/05\/303269371.jpg\",\"datePublished\":\"2018-12-03T18:04:00+00:00\",\"dateModified\":\"2021-05-03T22:22:51+00:00\",\"breadcrumb\":{\"@id\":\"https:\/\/sitesize.net\/lac\/correspondencies\/#breadcrumb\"},\"inLanguage\":\"ca\",\"potentialAction\":[{\"@type\":\"ReadAction\",\"target\":[\"https:\/\/sitesize.net\/lac\/correspondencies\/\"]}]},{\"@type\":\"ImageObject\",\"inLanguage\":\"ca\",\"@id\":\"https:\/\/sitesize.net\/lac\/correspondencies\/#primaryimage\",\"url\":\"https:\/\/sitesize.net\/lac\/wp-content\/uploads\/sites\/17\/2021\/05\/303269371.jpg\",\"contentUrl\":\"https:\/\/sitesize.net\/lac\/wp-content\/uploads\/sites\/17\/2021\/05\/303269371.jpg\",\"width\":640,\"height\":390},{\"@type\":\"BreadcrumbList\",\"@id\":\"https:\/\/sitesize.net\/lac\/correspondencies\/#breadcrumb\",\"itemListElement\":[{\"@type\":\"ListItem\",\"position\":1,\"name\":\"Home\",\"item\":\"https:\/\/sitesize.net\/lac\/\"},{\"@type\":\"ListItem\",\"position\":2,\"name\":\"Correspond\u00e8ncies\"}]},{\"@type\":\"WebSite\",\"@id\":\"https:\/\/sitesize.net\/lac\/#website\",\"url\":\"https:\/\/sitesize.net\/lac\/\",\"name\":\"Laboratori d&#039;Aprenentatge Comunitari\",\"description\":\"\",\"potentialAction\":[{\"@type\":\"SearchAction\",\"target\":{\"@type\":\"EntryPoint\",\"urlTemplate\":\"https:\/\/sitesize.net\/lac\/?s={search_term_string}\"},\"query-input\":{\"@type\":\"PropertyValueSpecification\",\"valueRequired\":true,\"valueName\":\"search_term_string\"}}],\"inLanguage\":\"ca\"}]}<\/script>\n<!-- \/ Yoast SEO plugin. -->","yoast_head_json":{"title":"Correspond\u00e8ncies - Laboratori d&#039;Aprenentatge Comunitari","robots":{"index":"index","follow":"follow","max-snippet":"max-snippet:-1","max-image-preview":"max-image-preview:large","max-video-preview":"max-video-preview:-1"},"canonical":"https:\/\/sitesize.net\/lac\/correspondencies\/","og_locale":"ca_ES","og_type":"article","og_title":"Correspond\u00e8ncies - Laboratori d&#039;Aprenentatge Comunitari","og_description":"A inicis de 2018 el LAC va posar en marxa la pr\u00e0ctica creativa de les Correspond\u00e8ncies. A trav\u00e9s d&#8217;elles, propos\u00e0vem...","og_url":"https:\/\/sitesize.net\/lac\/correspondencies\/","og_site_name":"Laboratori d&#039;Aprenentatge Comunitari","article_modified_time":"2021-05-03T22:22:51+00:00","og_image":[{"url":"https:\/\/sitesize.net\/lac\/wp-content\/uploads\/sites\/17\/2021\/05\/303269371.jpg","type":"","width":"","height":""}],"twitter_card":"summary_large_image","twitter_misc":{"Est. reading time":"2 minuts"},"schema":{"@context":"https:\/\/schema.org","@graph":[{"@type":"WebPage","@id":"https:\/\/sitesize.net\/lac\/correspondencies\/","url":"https:\/\/sitesize.net\/lac\/correspondencies\/","name":"Correspond\u00e8ncies - Laboratori d&#039;Aprenentatge Comunitari","isPartOf":{"@id":"https:\/\/sitesize.net\/lac\/#website"},"primaryImageOfPage":{"@id":"https:\/\/sitesize.net\/lac\/correspondencies\/#primaryimage"},"image":{"@id":"https:\/\/sitesize.net\/lac\/correspondencies\/#primaryimage"},"thumbnailUrl":"https:\/\/sitesize.net\/lac\/wp-content\/uploads\/sites\/17\/2021\/05\/303269371.jpg","datePublished":"2018-12-03T18:04:00+00:00","dateModified":"2021-05-03T22:22:51+00:00","breadcrumb":{"@id":"https:\/\/sitesize.net\/lac\/correspondencies\/#breadcrumb"},"inLanguage":"ca","potentialAction":[{"@type":"ReadAction","target":["https:\/\/sitesize.net\/lac\/correspondencies\/"]}]},{"@type":"ImageObject","inLanguage":"ca","@id":"https:\/\/sitesize.net\/lac\/correspondencies\/#primaryimage","url":"https:\/\/sitesize.net\/lac\/wp-content\/uploads\/sites\/17\/2021\/05\/303269371.jpg","contentUrl":"https:\/\/sitesize.net\/lac\/wp-content\/uploads\/sites\/17\/2021\/05\/303269371.jpg","width":640,"height":390},{"@type":"BreadcrumbList","@id":"https:\/\/sitesize.net\/lac\/correspondencies\/#breadcrumb","itemListElement":[{"@type":"ListItem","position":1,"name":"Home","item":"https:\/\/sitesize.net\/lac\/"},{"@type":"ListItem","position":2,"name":"Correspond\u00e8ncies"}]},{"@type":"WebSite","@id":"https:\/\/sitesize.net\/lac\/#website","url":"https:\/\/sitesize.net\/lac\/","name":"Laboratori d&#039;Aprenentatge Comunitari","description":"","potentialAction":[{"@type":"SearchAction","target":{"@type":"EntryPoint","urlTemplate":"https:\/\/sitesize.net\/lac\/?s={search_term_string}"},"query-input":{"@type":"PropertyValueSpecification","valueRequired":true,"valueName":"search_term_string"}}],"inLanguage":"ca"}]}},"_links":{"self":[{"href":"https:\/\/sitesize.net\/lac\/wp-json\/wp\/v2\/pages\/69","targetHints":{"allow":["GET"]}}],"collection":[{"href":"https:\/\/sitesize.net\/lac\/wp-json\/wp\/v2\/pages"}],"about":[{"href":"https:\/\/sitesize.net\/lac\/wp-json\/wp\/v2\/types\/page"}],"author":[{"embeddable":true,"href":"https:\/\/sitesize.net\/lac\/wp-json\/wp\/v2\/users\/2"}],"replies":[{"embeddable":true,"href":"https:\/\/sitesize.net\/lac\/wp-json\/wp\/v2\/comments?post=69"}],"version-history":[{"count":2,"href":"https:\/\/sitesize.net\/lac\/wp-json\/wp\/v2\/pages\/69\/revisions"}],"predecessor-version":[{"id":73,"href":"https:\/\/sitesize.net\/lac\/wp-json\/wp\/v2\/pages\/69\/revisions\/73"}],"wp:attachment":[{"href":"https:\/\/sitesize.net\/lac\/wp-json\/wp\/v2\/media?parent=69"}],"curies":[{"name":"wp","href":"https:\/\/api.w.org\/{rel}","templated":true}]}}