{"id":84,"date":"2017-02-03T20:30:00","date_gmt":"2017-02-03T18:30:00","guid":{"rendered":"https:\/\/sitesize.net\/lac\/?page_id=84"},"modified":"2021-05-04T00:32:25","modified_gmt":"2021-05-03T22:32:25","slug":"grup-ecosofic","status":"publish","type":"page","link":"https:\/\/sitesize.net\/lac\/grup-ecosofic\/","title":{"rendered":"Grup Ecos\u00f2fic"},"content":{"rendered":"\n<p>Els objectius del grup s\u00f3n multifac\u00e8tics. Per una banda poder ser un nucli de construcci\u00f3 de discurs ecofilos\u00f2fic. Per l\u2019altre, i en sintonia amb la crisi ecol\u00f2gica del canvi clim\u00e0tic i les possibles solucions : ser un espai d&#8217;aprenentatge multidisciplinari, on poder experimentar la creativitat i produir, imatges simb\u00f2liques, poesia, teatralitzaci\u00f3, material digital&#8230; etc. La idea, \u00e9s poder mobilitzar a la societat civil davant un repte d\u2019\u00e8piques dimensions. Despertar l&#8217;Atles interior per tal que : en equilibri amb el particular, l&#8217;eros s&#8217;enfoqui vers al b\u00e9 com\u00fa. Des d&#8217;una mirada sin\u00f2ptica en Jorge Riechmann proposa : \u201cUn recuperar l&#8217;esperit de \u2018l&#8217;Era Axial\u2019 per en Carl Rogers senyalat : Aquell passar&#8230; d&#8217;una \u00e8tica de curta distancia a una de llarg abast.<\/p>\n\n\n\n<p>\u2018Vida bona o suficient\u2019, en comptes d\u2019una de millor&#8230; Sin\u00f3, queda oberta l\u2019expansi\u00f3 sense l\u00edmits dels desitjos, els apetits, o els capricis de les necessitats potencialment sense l\u00edmits. \u00c9s aquesta disposici\u00f3, la qui engrana amb el mecanisme autoexpansiu d\u2019acumulaci\u00f3 de capital, que contra els l\u00edmits de la biosfera a un xoc desastr\u00f3s condueix. En contrast a la modernitat euro-norteamericana desenvolupada en els \u00faltims 5 segles com a cultura dominant de la desmesura i l\u2019extralimitaci\u00f3&#8230; cal anar, a la \u2018Saviesa dels l\u00edmits\u2019 per moltes cultures desenvolupada\u201d : Interioritzaci\u00f3 i Proporci\u00f3&#8230;<\/p>\n\n\n\n<p>Salut i Gaia sempre. Bcn. 15-2-2017<\/p>\n\n\n\n<p>De l\u2019hol\u00f3-ecos\u00f2fic monitoritzat per :<\/p>\n\n\n\n<p>Dani Turon i Pere-Llu\u00eds Plaboix\u00f3.<\/p>\n","protected":false},"excerpt":{"rendered":"<p>Els objectius del grup s\u00f3n multifac\u00e8tics. Per una banda poder ser un nucli de construcci\u00f3 de discurs ecofilos\u00f2fic. Per l\u2019altre,&#8230;<\/p>\n","protected":false},"author":2,"featured_media":85,"parent":0,"menu_order":0,"comment_status":"closed","ping_status":"closed","template":"","meta":{"footnotes":""},"class_list":["post-84","page","type-page","status-publish","has-post-thumbnail","hentry"],"yoast_head":"<!-- This site is optimized with the Yoast SEO plugin v27.1.1 - https:\/\/yoast.com\/product\/yoast-seo-wordpress\/ -->\n<title>Grup Ecos\u00f2fic - Laboratori d&#039;Aprenentatge Comunitari<\/title>\n<meta name=\"robots\" content=\"index, follow, max-snippet:-1, max-image-preview:large, max-video-preview:-1\" \/>\n<link rel=\"canonical\" href=\"https:\/\/sitesize.net\/lac\/grup-ecosofic\/\" \/>\n<meta property=\"og:locale\" content=\"ca_ES\" \/>\n<meta property=\"og:type\" content=\"article\" \/>\n<meta property=\"og:title\" content=\"Grup Ecos\u00f2fic - Laboratori d&#039;Aprenentatge Comunitari\" \/>\n<meta property=\"og:description\" content=\"Els objectius del grup s\u00f3n multifac\u00e8tics. Per una banda poder ser un nucli de construcci\u00f3 de discurs ecofilos\u00f2fic. Per l\u2019altre,...\" \/>\n<meta property=\"og:url\" content=\"https:\/\/sitesize.net\/lac\/grup-ecosofic\/\" \/>\n<meta property=\"og:site_name\" content=\"Laboratori d&#039;Aprenentatge Comunitari\" \/>\n<meta property=\"article:modified_time\" content=\"2021-05-03T22:32:25+00:00\" \/>\n<meta property=\"og:image\" content=\"https:\/\/sitesize.net\/lac\/wp-content\/uploads\/sites\/17\/2021\/05\/vivers-grupecosofic.jpg\" \/>\n\t<meta property=\"og:image:width\" content=\"480\" \/>\n\t<meta property=\"og:image:height\" content=\"240\" \/>\n\t<meta property=\"og:image:type\" content=\"image\/jpeg\" \/>\n<meta name=\"twitter:card\" content=\"summary_large_image\" \/>\n<meta name=\"twitter:label1\" content=\"Est. reading time\" \/>\n\t<meta name=\"twitter:data1\" content=\"1 minut\" \/>\n<script type=\"application\/ld+json\" class=\"yoast-schema-graph\">{\"@context\":\"https:\/\/schema.org\",\"@graph\":[{\"@type\":\"WebPage\",\"@id\":\"https:\/\/sitesize.net\/lac\/grup-ecosofic\/\",\"url\":\"https:\/\/sitesize.net\/lac\/grup-ecosofic\/\",\"name\":\"Grup Ecos\u00f2fic - Laboratori d&#039;Aprenentatge Comunitari\",\"isPartOf\":{\"@id\":\"https:\/\/sitesize.net\/lac\/#website\"},\"primaryImageOfPage\":{\"@id\":\"https:\/\/sitesize.net\/lac\/grup-ecosofic\/#primaryimage\"},\"image\":{\"@id\":\"https:\/\/sitesize.net\/lac\/grup-ecosofic\/#primaryimage\"},\"thumbnailUrl\":\"https:\/\/sitesize.net\/lac\/wp-content\/uploads\/sites\/17\/2021\/05\/vivers-grupecosofic.jpg\",\"datePublished\":\"2017-02-03T18:30:00+00:00\",\"dateModified\":\"2021-05-03T22:32:25+00:00\",\"breadcrumb\":{\"@id\":\"https:\/\/sitesize.net\/lac\/grup-ecosofic\/#breadcrumb\"},\"inLanguage\":\"ca\",\"potentialAction\":[{\"@type\":\"ReadAction\",\"target\":[\"https:\/\/sitesize.net\/lac\/grup-ecosofic\/\"]}]},{\"@type\":\"ImageObject\",\"inLanguage\":\"ca\",\"@id\":\"https:\/\/sitesize.net\/lac\/grup-ecosofic\/#primaryimage\",\"url\":\"https:\/\/sitesize.net\/lac\/wp-content\/uploads\/sites\/17\/2021\/05\/vivers-grupecosofic.jpg\",\"contentUrl\":\"https:\/\/sitesize.net\/lac\/wp-content\/uploads\/sites\/17\/2021\/05\/vivers-grupecosofic.jpg\",\"width\":480,\"height\":240},{\"@type\":\"BreadcrumbList\",\"@id\":\"https:\/\/sitesize.net\/lac\/grup-ecosofic\/#breadcrumb\",\"itemListElement\":[{\"@type\":\"ListItem\",\"position\":1,\"name\":\"Home\",\"item\":\"https:\/\/sitesize.net\/lac\/\"},{\"@type\":\"ListItem\",\"position\":2,\"name\":\"Grup Ecos\u00f2fic\"}]},{\"@type\":\"WebSite\",\"@id\":\"https:\/\/sitesize.net\/lac\/#website\",\"url\":\"https:\/\/sitesize.net\/lac\/\",\"name\":\"Laboratori d&#039;Aprenentatge Comunitari\",\"description\":\"\",\"potentialAction\":[{\"@type\":\"SearchAction\",\"target\":{\"@type\":\"EntryPoint\",\"urlTemplate\":\"https:\/\/sitesize.net\/lac\/?s={search_term_string}\"},\"query-input\":{\"@type\":\"PropertyValueSpecification\",\"valueRequired\":true,\"valueName\":\"search_term_string\"}}],\"inLanguage\":\"ca\"}]}<\/script>\n<!-- \/ Yoast SEO plugin. -->","yoast_head_json":{"title":"Grup Ecos\u00f2fic - Laboratori d&#039;Aprenentatge Comunitari","robots":{"index":"index","follow":"follow","max-snippet":"max-snippet:-1","max-image-preview":"max-image-preview:large","max-video-preview":"max-video-preview:-1"},"canonical":"https:\/\/sitesize.net\/lac\/grup-ecosofic\/","og_locale":"ca_ES","og_type":"article","og_title":"Grup Ecos\u00f2fic - Laboratori d&#039;Aprenentatge Comunitari","og_description":"Els objectius del grup s\u00f3n multifac\u00e8tics. Per una banda poder ser un nucli de construcci\u00f3 de discurs ecofilos\u00f2fic. Per l\u2019altre,...","og_url":"https:\/\/sitesize.net\/lac\/grup-ecosofic\/","og_site_name":"Laboratori d&#039;Aprenentatge Comunitari","article_modified_time":"2021-05-03T22:32:25+00:00","og_image":[{"width":480,"height":240,"url":"https:\/\/sitesize.net\/lac\/wp-content\/uploads\/sites\/17\/2021\/05\/vivers-grupecosofic.jpg","type":"image\/jpeg"}],"twitter_card":"summary_large_image","twitter_misc":{"Est. reading time":"1 minut"},"schema":{"@context":"https:\/\/schema.org","@graph":[{"@type":"WebPage","@id":"https:\/\/sitesize.net\/lac\/grup-ecosofic\/","url":"https:\/\/sitesize.net\/lac\/grup-ecosofic\/","name":"Grup Ecos\u00f2fic - Laboratori d&#039;Aprenentatge Comunitari","isPartOf":{"@id":"https:\/\/sitesize.net\/lac\/#website"},"primaryImageOfPage":{"@id":"https:\/\/sitesize.net\/lac\/grup-ecosofic\/#primaryimage"},"image":{"@id":"https:\/\/sitesize.net\/lac\/grup-ecosofic\/#primaryimage"},"thumbnailUrl":"https:\/\/sitesize.net\/lac\/wp-content\/uploads\/sites\/17\/2021\/05\/vivers-grupecosofic.jpg","datePublished":"2017-02-03T18:30:00+00:00","dateModified":"2021-05-03T22:32:25+00:00","breadcrumb":{"@id":"https:\/\/sitesize.net\/lac\/grup-ecosofic\/#breadcrumb"},"inLanguage":"ca","potentialAction":[{"@type":"ReadAction","target":["https:\/\/sitesize.net\/lac\/grup-ecosofic\/"]}]},{"@type":"ImageObject","inLanguage":"ca","@id":"https:\/\/sitesize.net\/lac\/grup-ecosofic\/#primaryimage","url":"https:\/\/sitesize.net\/lac\/wp-content\/uploads\/sites\/17\/2021\/05\/vivers-grupecosofic.jpg","contentUrl":"https:\/\/sitesize.net\/lac\/wp-content\/uploads\/sites\/17\/2021\/05\/vivers-grupecosofic.jpg","width":480,"height":240},{"@type":"BreadcrumbList","@id":"https:\/\/sitesize.net\/lac\/grup-ecosofic\/#breadcrumb","itemListElement":[{"@type":"ListItem","position":1,"name":"Home","item":"https:\/\/sitesize.net\/lac\/"},{"@type":"ListItem","position":2,"name":"Grup Ecos\u00f2fic"}]},{"@type":"WebSite","@id":"https:\/\/sitesize.net\/lac\/#website","url":"https:\/\/sitesize.net\/lac\/","name":"Laboratori d&#039;Aprenentatge Comunitari","description":"","potentialAction":[{"@type":"SearchAction","target":{"@type":"EntryPoint","urlTemplate":"https:\/\/sitesize.net\/lac\/?s={search_term_string}"},"query-input":{"@type":"PropertyValueSpecification","valueRequired":true,"valueName":"search_term_string"}}],"inLanguage":"ca"}]}},"_links":{"self":[{"href":"https:\/\/sitesize.net\/lac\/wp-json\/wp\/v2\/pages\/84","targetHints":{"allow":["GET"]}}],"collection":[{"href":"https:\/\/sitesize.net\/lac\/wp-json\/wp\/v2\/pages"}],"about":[{"href":"https:\/\/sitesize.net\/lac\/wp-json\/wp\/v2\/types\/page"}],"author":[{"embeddable":true,"href":"https:\/\/sitesize.net\/lac\/wp-json\/wp\/v2\/users\/2"}],"replies":[{"embeddable":true,"href":"https:\/\/sitesize.net\/lac\/wp-json\/wp\/v2\/comments?post=84"}],"version-history":[{"count":1,"href":"https:\/\/sitesize.net\/lac\/wp-json\/wp\/v2\/pages\/84\/revisions"}],"predecessor-version":[{"id":86,"href":"https:\/\/sitesize.net\/lac\/wp-json\/wp\/v2\/pages\/84\/revisions\/86"}],"wp:featuredmedia":[{"embeddable":true,"href":"https:\/\/sitesize.net\/lac\/wp-json\/wp\/v2\/media\/85"}],"wp:attachment":[{"href":"https:\/\/sitesize.net\/lac\/wp-json\/wp\/v2\/media?parent=84"}],"curies":[{"name":"wp","href":"https:\/\/api.w.org\/{rel}","templated":true}]}}

Grup Ecosòfic

<p>Els objectius del grup són multifacètics. Per una banda poder ser un nucli de construcció de discurs ecofilosòfic. Per l’altre, i en sintonia amb la crisi ecològica del canvi climàtic i les possibles solucions : ser un espai d&#8217;aprenentatge multidisciplinari, on poder experimentar la creativitat i produir, imatges simbòliques, poesia, teatralització, material digital&#8230; etc. La idea, és poder mobilitzar a la societat civil davant un repte d’èpiques dimensions. Despertar l&#8217;Atles interior per tal que : en equilibri amb el particular, l&#8217;eros s&#8217;enfoqui vers al bé comú. Des d&#8217;una mirada sinòptica en Jorge Riechmann proposa : “Un recuperar l&#8217;esperit de ‘l&#8217;Era Axial’ per en Carl Rogers senyalat : Aquell passar&#8230; d&#8217;una ètica de curta distancia a una de llarg abast.</p>



<p>‘Vida bona o suficient’, en comptes d’una de millor&#8230; Sinó, queda oberta l’expansió sense límits dels desitjos, els apetits, o els capricis de les necessitats potencialment sense límits. És aquesta disposició, la qui engrana amb el mecanisme autoexpansiu d’acumulació de capital, que contra els límits de la biosfera a un xoc desastrós condueix. En contrast a la modernitat euro-norteamericana desenvolupada en els últims 5 segles com a cultura dominant de la desmesura i l’extralimitació&#8230; cal anar, a la ‘Saviesa dels límits’ per moltes cultures desenvolupada” : Interiorització i Proporció&#8230;</p>



<p>Salut i Gaia sempre. Bcn. 15-2-2017</p>



<p>De l’holó-ecosòfic monitoritzat per :</p>



<p>Dani Turon i Pere-Lluís Plaboixó.</p>

<p>Els objectius del grup són multifacètics. Per una banda poder ser un nucli de construcció de discurs ecofilosòfic. Per l’altre,&#8230;</p>

<!-- This site is optimized with the Yoast SEO plugin v27.1.1 - https://yoast.com/product/yoast-seo-wordpress/ -->
<title>Grup Ecosòfic - Laboratori d&#039;Aprenentatge Comunitari</title>
<meta name="robots" content="index, follow, max-snippet:-1, max-image-preview:large, max-video-preview:-1" />
<link rel="canonical" href="https://sitesize.net/lac/grup-ecosofic/" />
<meta property="og:locale" content="ca_ES" />
<meta property="og:type" content="article" />
<meta property="og:title" content="Grup Ecosòfic - Laboratori d&#039;Aprenentatge Comunitari" />
<meta property="og:description" content="Els objectius del grup són multifacètics. Per una banda poder ser un nucli de construcció de discurs ecofilosòfic. Per l’altre,..." />
<meta property="og:url" content="https://sitesize.net/lac/grup-ecosofic/" />
<meta property="og:site_name" content="Laboratori d&#039;Aprenentatge Comunitari" />
<meta property="article:modified_time" content="2021-05-03T22:32:25+00:00" />
<meta property="og:image" content="https://sitesize.net/lac/wp-content/uploads/sites/17/2021/05/vivers-grupecosofic.jpg" />
	<meta property="og:image:width" content="480" />
	<meta property="og:image:height" content="240" />
	<meta property="og:image:type" content="image/jpeg" />
<meta name="twitter:card" content="summary_large_image" />
<meta name="twitter:label1" content="Est. reading time" />
	<meta name="twitter:data1" content="1 minut" />
<script type="application/ld+json" class="yoast-schema-graph">{"@context":"https://schema.org","@graph":[{"@type":"WebPage","@id":"https://sitesize.net/lac/grup-ecosofic/","url":"https://sitesize.net/lac/grup-ecosofic/","name":"Grup Ecosòfic - Laboratori d&#039;Aprenentatge Comunitari","isPartOf":{"@id":"https://sitesize.net/lac/#website"},"primaryImageOfPage":{"@id":"https://sitesize.net/lac/grup-ecosofic/#primaryimage"},"image":{"@id":"https://sitesize.net/lac/grup-ecosofic/#primaryimage"},"thumbnailUrl":"https://sitesize.net/lac/wp-content/uploads/sites/17/2021/05/vivers-grupecosofic.jpg","datePublished":"2017-02-03T18:30:00+00:00","dateModified":"2021-05-03T22:32:25+00:00","breadcrumb":{"@id":"https://sitesize.net/lac/grup-ecosofic/#breadcrumb"},"inLanguage":"ca","potentialAction":[{"@type":"ReadAction","target":["https://sitesize.net/lac/grup-ecosofic/"]}]},{"@type":"ImageObject","inLanguage":"ca","@id":"https://sitesize.net/lac/grup-ecosofic/#primaryimage","url":"https://sitesize.net/lac/wp-content/uploads/sites/17/2021/05/vivers-grupecosofic.jpg","contentUrl":"https://sitesize.net/lac/wp-content/uploads/sites/17/2021/05/vivers-grupecosofic.jpg","width":480,"height":240},{"@type":"BreadcrumbList","@id":"https://sitesize.net/lac/grup-ecosofic/#breadcrumb","itemListElement":[{"@type":"ListItem","position":1,"name":"Home","item":"https://sitesize.net/lac/"},{"@type":"ListItem","position":2,"name":"Grup Ecosòfic"}]},{"@type":"WebSite","@id":"https://sitesize.net/lac/#website","url":"https://sitesize.net/lac/","name":"Laboratori d&#039;Aprenentatge Comunitari","description":"","potentialAction":[{"@type":"SearchAction","target":{"@type":"EntryPoint","urlTemplate":"https://sitesize.net/lac/?s={search_term_string}"},"query-input":{"@type":"PropertyValueSpecification","valueRequired":true,"valueName":"search_term_string"}}],"inLanguage":"ca"}]}</script>
<!-- / Yoast SEO plugin. -->

Grup Ecosòfic - Laboratori d&#039;Aprenentatge Comunitari

Els objectius del grup són multifacètics. Per una banda poder ser un nucli de construcció de discurs ecofilosòfic. Per l’altre,...
